000
CDUS46 KPQR 251147
CLIMMV


CLIMATE REPORT
NATIONAL WEATHER SERVICE PORTLAND OREGON
446 AM PDT SAT APR 25 2015


...................................

...THE MCMINNVILLE OR CLIMATE SUMMARY FOR APRIL 24 2015...

CLIMATE NORMAL PERIOD 1981 TO 2010
CLIMATE RECORD PERIOD 1894 TO 2015


WEATHER ITEM   OBSERVED TIME   RECORD YEAR NORMAL DEPARTURE LAST
                VALUE   (LST)  VALUE       VALUE  FROM      YEAR
                                                  NORMAL
..................................................................
TEMPERATURE (F)
 YESTERDAY
  MAXIMUM         57    203 PM  85    1923  63     -6       58
  MINIMUM         44    334 AM  27    1955  40      4       43
  AVERAGE         51                        51      0       51

PRECIPITATION (IN)
  YESTERDAY        0.12          1.07 2003   0.08   0.04     0.48
  MONTH TO DATE    1.43                      2.46  -1.03     2.84
  SINCE OCT 1     30.77                     33.06  -2.29    23.41
  SINCE JAN 1     14.53                     17.03  -2.50    18.45

DEGREE DAYS
 HEATING
  YESTERDAY       14                        14      0       14
  MONTH TO DATE  369                       369      0      313
  SINCE JUL 1   3279                      4320  -1041     4244

 COOLING
  YESTERDAY        0                         0      0        0
  MONTH TO DATE    0                         0      0        0
  SINCE JAN 1      0                         0      0        0
..................................................................


WIND (MPH)
  HIGHEST WIND SPEED    21   HIGHEST WIND DIRECTION     W (260)
  HIGHEST GUST SPEED    28   HIGHEST GUST DIRECTION     W (260)
  AVERAGE WIND SPEED     8.8


SKY COVER
  POSSIBLE SUNSHINE  MM
  AVERAGE SKY COVER 0.8


WEATHER CONDITIONS
 THE FOLLOWING WEATHER WAS RECORDED YESTERDAY.
  LIGHT RAIN
  FOG


RELATIVE HUMIDITY (PERCENT)
 HIGHEST    93          1100 PM
 LOWEST     61          1100 AM
 AVERAGE    77

..........................................................


THE MCMINNVILLE OR CLIMATE NORMALS FOR TODAY
                         NORMAL    RECORD    YEAR
 MAXIMUM TEMPERATURE (F)   63        83      1923
 MINIMUM TEMPERATURE (F)   40        29      1955


SUNRISE AND SUNSET
APRIL 25 2015.........SUNRISE   511 AM PST   SUNSET   711 PM PST
APRIL 26 2015.........SUNRISE   509 AM PST   SUNSET   712 PM PST


-  INDICATES NEGATIVE NUMBERS.
R  INDICATES RECORD WAS SET OR TIED.
MM INDICATES DATA IS MISSING.
T  INDICATES TRACE AMOUNT.




$$
