000
CDUS44 KMOB 262228
CLIMOB


CLIMATE REPORT
NATIONAL WEATHER SERVICE MOBILE AL
526 PM CDT SUN APR 26 2015


...................................

...THE MOBILE CLIMATE SUMMARY FOR APRIL 26 2015...
VALID TODAY AS OF 0500 PM LOCAL TIME.

CLIMATE NORMAL PERIOD 1981 TO 2010
CLIMATE RECORD PERIOD 1842 TO 2015


WEATHER ITEM   OBSERVED TIME   RECORD YEAR NORMAL DEPARTURE LAST
                VALUE   (LST)  VALUE       VALUE  FROM      YEAR
                                                  NORMAL
..................................................................
TEMPERATURE (F)
 TODAY
  MAXIMUM         87    120 PM  89    1989  80      7       83
                                      1945
  MINIMUM         64    522 AM  46    1992  58      6       64
                                      1983
                                      1910
  AVERAGE         76                        69      7       74

PRECIPITATION (IN)
  TODAY            0.00          3.81 1964   0.16  -0.16     0.00
  MONTH TO DATE   13.01                      4.19   8.82     6.26
  SINCE MAR 1     16.97                     10.33   6.64    12.76
  SINCE JAN 1     23.02                     21.10   1.92    19.88

DEGREE DAYS
 HEATING
  TODAY            0                         1     -1        0
  MONTH TO DATE    3                        58    -55       68
  SINCE MAR 1    117                       247   -130      344
  SINCE JUL 1   1819                      1689    130     2047

 COOLING
  TODAY           11                         5      6        9
  MONTH TO DATE  175                        82     93       67
  SINCE MAR 1    271                       121    150       68
  SINCE JAN 1    275                       137    138       80
..................................................................


WIND (MPH)
  HIGHEST WIND SPEED    12   HIGHEST WIND DIRECTION    SW (210)
  HIGHEST GUST SPEED    15   HIGHEST GUST DIRECTION    SW (210)
  AVERAGE WIND SPEED     4.6


SKY COVER
  POSSIBLE SUNSHINE  MM
  AVERAGE SKY COVER 0.4


WEATHER CONDITIONS
 THE FOLLOWING WEATHER WAS RECORDED TODAY.
  FOG


RELATIVE HUMIDITY (PERCENT)
 HIGHEST   100           200 AM
 LOWEST     51           100 PM
 AVERAGE    76

..........................................................


THE MOBILE CLIMATE NORMALS FOR TOMORROW
                         NORMAL    RECORD    YEAR
 MAXIMUM TEMPERATURE (F)   80        89      1989
                                             1987
                                             1905
 MINIMUM TEMPERATURE (F)   58        42      1992


SUNRISE AND SUNSET
APRIL 26 2015.........SUNRISE   614 AM CDT   SUNSET   728 PM CDT
APRIL 27 2015.........SUNRISE   613 AM CDT   SUNSET   729 PM CDT


-  INDICATES NEGATIVE NUMBERS.
R  INDICATES RECORD WAS SET OR TIED.
MM INDICATES DATA IS MISSING.
T  INDICATES TRACE AMOUNT.




$$
