000
CDUS46 KSTO 010837
CLIMOD


CLIMATE REPORT
NATIONAL WEATHER SERVICE SACRAMENTO, CA
136 AM PDT WED APR 1 2015


...................................

...THE MODESTO CA CLIMATE SUMMARY FOR MARCH 31 2015...

CLIMATE NORMAL PERIOD 1981 TO 2010
CLIMATE RECORD PERIOD 1931 TO 2015


WEATHER ITEM   OBSERVED TIME   RECORD YEAR NORMAL DEPARTURE LAST
                VALUE   (LST)  VALUE       VALUE  FROM      YEAR
                                                  NORMAL
..................................................................
TEMPERATURE (F)
 YESTERDAY
  MAXIMUM         75    311 PM  88    1966  71      4       61
  MINIMUM         54    632 AM  35    1938  47      7       43
  AVERAGE         65

PRECIPITATION (IN)
  YESTERDAY        0.00          1.64 1982   0.04  -0.04     0.05
  MONTH TO DATE    0.19                      2.04  -1.85     1.63
  SINCE OCT 1      9.35                     11.11  -1.76     5.91
  SINCE JAN 1      1.95                      7.03  -5.08     4.55

SNOWFALL (IN)
  YESTERDAY        0.0          MM      MM
  MONTH TO DATE    0.0
  SINCE MAR 1      0.0
  SINCE JUL 1      0.0
  SNOW DEPTH       0

DEGREE DAYS
 HEATING
  YESTERDAY        0                         6     -6       13
  MONTH TO DATE   94                       237   -143      161
  SINCE MAR 1     94                       237   -143      161
  SINCE JUL 1   1506                      2005   -499     1859

 COOLING
  YESTERDAY        0                         0      0        0
  MONTH TO DATE   32                         5     27        0
  SINCE MAR 1     32                         5     27        0
  SINCE JAN 1     32                         5     27        0
..................................................................


WIND (MPH)
  RESULTANT WIND SPEED  12   RESULTANT WIND DIRECTION  NW (310)
  HIGHEST WIND SPEED    25   HIGHEST WIND DIRECTION     W (290)
  HIGHEST GUST SPEED    33   HIGHEST GUST DIRECTION     W (290)


SKY COVER
  POSSIBLE SUNSHINE  MM
  AVERAGE SKY COVER 0.0


WEATHER CONDITIONS
 THE FOLLOWING WEATHER WAS RECORDED YESTERDAY.
  NO SIGNIFICANT WEATHER WAS OBSERVED.


RELATIVE HUMIDITY (PERCENT)
 HIGHEST    72           700 AM
 LOWEST     22           400 PM
 AVERAGE    47

..........................................................


THE MODESTO CA CLIMATE NORMALS FOR TODAY
                         NORMAL    RECORD    YEAR
 MAXIMUM TEMPERATURE (F)   71        88      1966
 MINIMUM TEMPERATURE (F)   47        32      1936


SUNRISE AND SUNSET
APRIL  1 2015.........SUNRISE   649 AM PDT   SUNSET   727 PM PDT
APRIL  2 2015.........SUNRISE   648 AM PDT   SUNSET   727 PM PDT


-  INDICATES NEGATIVE NUMBERS.
R  INDICATES RECORD WAS SET OR TIED.
MM INDICATES DATA IS MISSING.
T  INDICATES TRACE AMOUNT.




$$
