000
CDUS43 KBIS 070727
CLIMOT


CLIMATE REPORT
NATIONAL WEATHER SERVICE BISMARCK ND
226 AM CDT THU MAY 7 2015


...................................

...THE MINOT ND CLIMATE SUMMARY FOR MAY 6 2015...

CLIMATE NORMAL PERIOD 1981 TO 2010
CLIMATE RECORD PERIOD 1897 TO 2015


WEATHER ITEM   OBSERVED TIME   RECORD YEAR NORMAL DEPARTURE LAST
                VALUE   (LST)  VALUE       VALUE  FROM      YEAR
                                                  NORMAL
..................................................................
TEMPERATURE (F)
 YESTERDAY
  MAXIMUM         63    254 PM  88    1992  64     -1       53
  MINIMUM         51    308 AM  15    1931  40     11       45
  AVERAGE         57                        52      5       49

PRECIPITATION (IN)
  YESTERDAY        0.44          1.85 1964   0.07   0.37     0.22
  MONTH TO DATE    0.44                      0.39   0.05     0.42
  SINCE MAR 1      1.40                      2.37  -0.97     2.27
  SINCE JAN 1      1.87                      3.28  -1.41     2.63

DEGREE DAYS
 COOLING
  YESTERDAY        0                         0      0        0
  MONTH TO DATE    0                         0      0        0
  SINCE MAR 1      0                         1     -1        0
  SINCE JAN 1      0                         1     -1        0
..................................................................


WIND (MPH)
  HIGHEST WIND SPEED    23   HIGHEST WIND DIRECTION    NW (310)
  HIGHEST GUST SPEED    28   HIGHEST GUST DIRECTION    NW (310)
  AVERAGE WIND SPEED    10.2


SKY COVER
  POSSIBLE SUNSHINE  MM
  AVERAGE SKY COVER 0.8


WEATHER CONDITIONS
 THE FOLLOWING WEATHER WAS RECORDED YESTERDAY.
  THUNDERSTORM
  RAIN
  LIGHT RAIN
  FOG
  HAZE


RELATIVE HUMIDITY (PERCENT)
 HIGHEST    93           400 PM
 LOWEST     63          1200 AM
 AVERAGE    78

..........................................................


THE MINOT ND CLIMATE NORMALS FOR TODAY
                         NORMAL    RECORD    YEAR
 MAXIMUM TEMPERATURE (F)   64        93      1928
 MINIMUM TEMPERATURE (F)   40        15      1907


SUNRISE AND SUNSET
MAY  7 2015...........SUNRISE   617 AM CDT   SUNSET   907 PM CDT
MAY  8 2015...........SUNRISE   616 AM CDT   SUNSET   908 PM CDT


-  INDICATES NEGATIVE NUMBERS.
R  INDICATES RECORD WAS SET OR TIED.
MM INDICATES DATA IS MISSING.
T  INDICATES TRACE AMOUNT.




$$
