000
CDUS41 KBTV 060535
CLIMPV

CLIMATE REPORT
NATIONAL WEATHER SERVICE BURLINGTON VT
133 AM EDT WED MAY 6 2015

...................................

...THE MONTPELIER VT CLIMATE SUMMARY FOR MAY 5 2015...

CLIMATE NORMAL PERIOD 1981 TO 2010
CLIMATE RECORD PERIOD 1948 TO 2015


WEATHER ITEM   OBSERVED TIME   RECORD YEAR NORMAL DEPARTURE LAST
                VALUE   (LST)  VALUE       VALUE  FROM      YEAR
                                                  NORMAL
..................................................................
TEMPERATURE (F)
 YESTERDAY
  MAXIMUM         66    304 PM  83    1949  62      4       49
  MINIMUM         45   1154 PM  24    1952  38      7       38
  AVERAGE         56                        50      6       44

PRECIPITATION (IN)
  YESTERDAY        T             0.59        0.11  -0.11     0.01
  MONTH TO DATE    0.01                      0.51  -0.50     0.77
  SINCE MAR 1      2.91                      5.56  -2.65     5.92
  SINCE JAN 1      5.78                     10.05  -4.27    10.23

DEGREE DAYS
 HEATING
  YESTERDAY        9                        15     -6       21
  MONTH TO DATE   51                        77    -26       84
  SINCE MAR 1   2125                      1873    252     2263
  SINCE JUL 1   8463                      7781    682     8428

 COOLING
  YESTERDAY        0                         0      0        0
  MONTH TO DATE    0                         0      0        0
  SINCE MAR 1      0                         1     -1        0
  SINCE JAN 1      0                         1     -1        0
..................................................................


WIND (MPH)
  HIGHEST WIND SPEED    18   HIGHEST WIND DIRECTION    NW (300)
  HIGHEST GUST SPEED    25   HIGHEST GUST DIRECTION     W (290)
  AVERAGE WIND SPEED     7.7


SKY COVER
  AVERAGE SKY COVER 0.2


WEATHER CONDITIONS
 THE FOLLOWING WEATHER WAS RECORDED YESTERDAY.
  NO SIGNIFICANT WEATHER WAS OBSERVED.


RELATIVE HUMIDITY (PERCENT)
 HIGHEST    83           400 AM
 LOWEST     20           100 PM
 AVERAGE    52

..........................................................


THE MONTPELIER VT CLIMATE NORMALS FOR TODAY
                         NORMAL    RECORD    YEAR
 MAXIMUM TEMPERATURE (F)   63        82      1977
 MINIMUM TEMPERATURE (F)   39        25      1967


SUNRISE AND SUNSET
MAY  6 2015...........SUNRISE   535 AM EDT   SUNSET   800 PM EDT
MAY  7 2015...........SUNRISE   534 AM EDT   SUNSET   801 PM EDT


-  INDICATES NEGATIVE NUMBERS.
R  INDICATES RECORD WAS SET OR TIED.
MM INDICATES DATA IS MISSING.
T  INDICATES TRACE AMOUNT.

$$
