000
CDUS45 KGJT 242335
CLIMTJ


CLIMATE REPORT
NATIONAL WEATHER SERVICE GRAND JUNCTION CO
530 PM MDT FRI APR 24 2015


...................................

...THE MONTROSE CO CLIMATE SUMMARY FOR APRIL 24 2015...
VALID TODAY AS OF 0500 PM LOCAL TIME.

CLIMATE NORMAL PERIOD 1981 TO 2010
CLIMATE RECORD PERIOD 9999 TO 9999


WEATHER ITEM   OBSERVED TIME   RECORD YEAR NORMAL DEPARTURE LAST
                VALUE   (LST)  VALUE       VALUE  FROM      YEAR
                                                  NORMAL
..................................................................
TEMPERATURE (F)
 TODAY
  MAXIMUM         61   1046 AM  MM      MM  65     -4       65
  MINIMUM         39    607 AM  MM      MM  37      2       29
  AVERAGE         50                        51     -1       47

PRECIPITATION (IN)
  TODAY            T            MM      MM   0.04  -0.04     0.00
  MONTH TO DATE    0.76                      0.79  -0.03     0.44
  SINCE MAR 1      1.11                      1.81  -0.70     1.05
  SINCE JAN 1      2.36                      3.04  -0.68     2.10

SNOWFALL (IN)
  TODAY           MM            MM      MM  MM     MM       MM
  MONTH TO DATE   MM                        MM     MM       MM
  SINCE MAR 1     MM                        MM     MM       MM
  SINCE JUL 1     MM                        MM     MM       MM
  SNOW DEPTH      MM

DEGREE DAYS
 HEATING
  TODAY           15                        14      1       18
  MONTH TO DATE  380                       406    -26      377
  SINCE MAR 1    945                      1147   -202     1047
  SINCE JUL 1   5033                      5862   -829     5779

 COOLING
  TODAY            0                         0      0        0
  MONTH TO DATE    0                         0      0        0
  SINCE MAR 1      0                         0      0        0
  SINCE JAN 1      0                         0      0        0
..................................................................


WIND (MPH)
  HIGHEST WIND SPEED    28   HIGHEST WIND DIRECTION    SW (230)
  HIGHEST GUST SPEED    35   HIGHEST GUST DIRECTION    SW (220)
  AVERAGE WIND SPEED     7.7


SKY COVER
  POSSIBLE SUNSHINE  MM
  AVERAGE SKY COVER 0.5


WEATHER CONDITIONS
 THE FOLLOWING WEATHER WAS RECORDED TODAY.
  LIGHT RAIN
  HAZE


RELATIVE HUMIDITY (PERCENT)
 HIGHEST    70           600 AM
 LOWEST     26          1100 AM
 AVERAGE    48

..........................................................


THE MONTROSE CO CLIMATE NORMALS FOR TOMORROW
                         NORMAL    RECORD    YEAR
 MAXIMUM TEMPERATURE (F)   66        MM        MM
 MINIMUM TEMPERATURE (F)   37        MM        MM


SUNRISE AND SUNSET
APRIL 24 2015.........SUNRISE   623 AM MDT   SUNSET   757 PM MDT
APRIL 25 2015.........SUNRISE   622 AM MDT   SUNSET   757 PM MDT


-  INDICATES NEGATIVE NUMBERS.
R  INDICATES RECORD WAS SET OR TIED.
MM INDICATES DATA IS MISSING.
T  INDICATES TRACE AMOUNT.




$$
