000
CDUS41 KBTV 010524
CLIMVL

CLIMATE REPORT
NATIONAL WEATHER SERVICE BURLINGTON VT
121 AM EDT WED APR 1 2015

...................................

...THE MORRISVILLE VT CLIMATE SUMMARY FOR MARCH 31 2015...

CLIMATE NORMAL PERIOD 1981 TO 2010
CLIMATE RECORD PERIOD 9999 TO 9999


WEATHER ITEM   OBSERVED TIME   NORMAL DEPARTURE LAST
                VALUE   (LST)  VALUE  FROM      YEAR
                                      NORMAL
......................................................
TEMPERATURE (F)
 YESTERDAY
  MAXIMUM         37    423 PM  46     -9       36
  MINIMUM         19   1159 PM  24     -5       29
  AVERAGE         28            35     -7       33

PRECIPITATION (IN)
  YESTERDAY        T             0.07  -0.07     0.00
  MONTH TO DATE    0.35          1.67  -1.32     2.67
  SINCE MAR 1      0.35          1.67  -1.32     2.67
  SINCE JAN 1      1.47          5.95  -4.48     7.27

DEGREE DAYS
 HEATING
  YESTERDAY       37            30      7       32
  MONTH TO DATE 1296          1126    170     1452
  SINCE MAR 1   1296          1127    169     1452
  SINCE JUL 1   6978          7087   -109     7506

 COOLING
  YESTERDAY        0             0      0        0
  MONTH TO DATE    0             0      0        0
  SINCE MAR 1      0             0      0        0
  SINCE JAN 1      0             0      0        0
......................................................


WIND (MPH)
  HIGHEST WIND SPEED    18   HIGHEST WIND DIRECTION    NW (310)
  HIGHEST GUST SPEED    26   HIGHEST GUST DIRECTION    NW (320)
  AVERAGE WIND SPEED     7.8


SKY COVER
  AVERAGE SKY COVER 0.5


WEATHER CONDITIONS
 THE FOLLOWING WEATHER WAS RECORDED YESTERDAY.
  LIGHT SNOW
  FOG


RELATIVE HUMIDITY (PERCENT)
 HIGHEST    89          1200 AM
 LOWEST     24           300 PM
 AVERAGE    57

..........................................................


THE MORRISVILLE VT CLIMATE NORMALS FOR TODAY
                         NORMAL    RECORD    YEAR
 MAXIMUM TEMPERATURE (F)   46        67      2010
 MINIMUM TEMPERATURE (F)   24         8      2003


SUNRISE AND SUNSET
APRIL  1 2015.........SUNRISE   632 AM EDT   SUNSET   718 PM EDT
APRIL  2 2015.........SUNRISE   630 AM EDT   SUNSET   719 PM EDT


-  INDICATES NEGATIVE NUMBERS.
R  INDICATES RECORD WAS SET OR TIED.
MM INDICATES DATA IS MISSING.
T  INDICATES TRACE AMOUNT.

$$
