000
CDUS41 KBTV 170536
CLIMVL


CLIMATE REPORT
NATIONAL WEATHER SERVICE BURLINGTON VT
135 AM EDT FRI APR 17 2015


...................................

...THE MORRISVILLE VT CLIMATE SUMMARY FOR APRIL 16 2015...

CLIMATE NORMAL PERIOD 1981 TO 2010
CLIMATE RECORD PERIOD 9999 TO 9999


WEATHER ITEM   OBSERVED TIME   NORMAL DEPARTURE LAST
                VALUE   (LST)  VALUE  FROM      YEAR
                                      NORMAL
......................................................
TEMPERATURE (F)
 YESTERDAY
  MAXIMUM         67    426 PM  54     13       31
  MINIMUM         22    454 AM  30     -8       18
  AVERAGE         45            42      3       25

PRECIPITATION (IN)
  YESTERDAY        0.00          0.09  -0.09      T
  MONTH TO DATE    0.24          1.34  -1.10     1.85
  SINCE MAR 1      0.59          3.01  -2.42     4.52
  SINCE JAN 1      1.71          7.29  -5.58     9.12

DEGREE DAYS
 HEATING
  YESTERDAY       20            23     -3       40
  MONTH TO DATE  419           422     -3      407
  SINCE MAR 1   1715          1549    166     1859
  SINCE JUL 1   7397          7509   -112     7913

 COOLING
  YESTERDAY        0             0      0        0
  MONTH TO DATE    0             0      0        0
  SINCE MAR 1      0             0      0        0
  SINCE JAN 1      0             0      0        0
......................................................


WIND (MPH)
  HIGHEST WIND SPEED    13   HIGHEST WIND DIRECTION     S (190)
  HIGHEST GUST SPEED    19   HIGHEST GUST DIRECTION    SW (210)
  AVERAGE WIND SPEED     2.8


SKY COVER
  AVERAGE SKY COVER 0.0


WEATHER CONDITIONS
 THE FOLLOWING WEATHER WAS RECORDED YESTERDAY.
  NO SIGNIFICANT WEATHER WAS OBSERVED.


RELATIVE HUMIDITY (PERCENT)
 HIGHEST    92           500 AM
 LOWEST     16           300 PM
 AVERAGE    54

..........................................................


THE MORRISVILLE VT CLIMATE NORMALS FOR TODAY
                         NORMAL    RECORD    YEAR
 MAXIMUM TEMPERATURE (F)   55        88      2002
 MINIMUM TEMPERATURE (F)   31        15      2014


SUNRISE AND SUNSET
APRIL 17 2015.........SUNRISE   604 AM EDT   SUNSET   737 PM EDT
APRIL 18 2015.........SUNRISE   602 AM EDT   SUNSET   739 PM EDT


-  INDICATES NEGATIVE NUMBERS.
R  INDICATES RECORD WAS SET OR TIED.
MM INDICATES DATA IS MISSING.
T  INDICATES TRACE AMOUNT.




$$
