000
CDUS46 KMTR 060826
CLINUQ


CLIMATE REPORT
NATIONAL WEATHER SERVICE SAN FRANCISCO BAY AREA
126 AM PDT WED MAY 6 2015


...................................

...THE MOFFETT FIELD CLIMATE SUMMARY FOR MAY 5 2015...

CLIMATE NORMAL PERIOD 1981 TO 2010
CLIMATE RECORD PERIOD 1945 TO 2015


WEATHER ITEM   OBSERVED TIME   RECORD YEAR NORMAL DEPARTURE LAST
                VALUE   (LST)  VALUE       VALUE  FROM      YEAR
                                                  NORMAL
..................................................................
TEMPERATURE (F)
 YESTERDAY
  MAXIMUM         68    240 PM  94    1987  71     -3       68
  MINIMUM         50    553 AM  41    1952  52     -2       54
  AVERAGE         59                        62     -3       61

PRECIPITATION (IN)
  YESTERDAY        0.00          0.34 1983   0.02  -0.02     0.00
  MONTH TO DATE    0.00                      0.13  -0.13     0.00
  SINCE OCT 1     13.48                     14.03  -0.55     5.94
  SINCE JAN 1      3.49                      9.19  -5.70     5.18

DEGREE DAYS
 HEATING
  YESTERDAY        6                                         4
  MONTH TO DATE    6                                         8
  SINCE MAR 1    311                                       298
  SINCE JUL 1   1416                                      1756

 COOLING
  YESTERDAY        0                                         0
  MONTH TO DATE    0                                        12
  SINCE MAR 1     18                                        38
  SINCE JAN 1     18                                        38
..................................................................


WIND (MPH)
  RESULTANT WIND SPEED   3   RESULTANT WIND DIRECTION   W (280)
  HIGHEST WIND SPEED    17   HIGHEST WIND DIRECTION     W (270)
  HIGHEST GUST SPEED    24   HIGHEST GUST DIRECTION     W (270)
  AVERAGE WIND SPEED     5.8


SKY COVER
  POSSIBLE SUNSHINE  MM
  AVERAGE SKY COVER 0.0


WEATHER CONDITIONS
 THE FOLLOWING WEATHER WAS RECORDED YESTERDAY.
  NO SIGNIFICANT WEATHER WAS OBSERVED.


RELATIVE HUMIDITY (PERCENT)
 HIGHEST    80           500 AM
 LOWEST     40           400 PM
 AVERAGE    60

..........................................................


THE MOFFETT FIELD CLIMATE NORMALS FOR TODAY
                         NORMAL    RECORD    YEAR
 MAXIMUM TEMPERATURE (F)   71        95      1987
 MINIMUM TEMPERATURE (F)   52        38      1950


SUNRISE AND SUNSET
MAY  6 2015...........SUNRISE   608 AM PDT   SUNSET   802 PM PDT
MAY  7 2015...........SUNRISE   607 AM PDT   SUNSET   803 PM PDT


-  INDICATES NEGATIVE NUMBERS.
R  INDICATES RECORD WAS SET OR TIED.
MM INDICATES DATA IS MISSING.
T  INDICATES TRACE AMOUNT.




$$
