000
CDUS43 KOAX 192149
CLIOAX


CLIMATE REPORT
NATIONAL WEATHER SERVICE OMAHA NEBRASKA
447 PM CDT SUN APR 19 2015


...................................

...THE VALLEY  NWS, NEBRASKA CLIMATE SUMMARY FOR APRIL 19 2015...
VALID TODAY AS OF 0400 PM LOCAL TIME.

CLIMATE NORMAL PERIOD 1981 TO 2010
CLIMATE RECORD PERIOD 1997 TO 2015


WEATHER ITEM   OBSERVED TIME   NORMAL DEPARTURE LAST
                VALUE   (LST)  VALUE  FROM      YEAR
                                      NORMAL
......................................................
TEMPERATURE (F)
 TODAY
  MAXIMUM         57   1200 AM  63     -6       77
  MINIMUM         49    224 PM  41      8       53
  AVERAGE         53            52      1       65

PRECIPITATION (IN)
  TODAY            0.38          0.10   0.28     0.00
  MONTH TO DATE    2.87          1.71   1.16     1.32
  SINCE MAR 1      3.53          3.71  -0.18     1.68
  SINCE JAN 1      5.10          5.42  -0.32     2.72

SNOWFALL (IN)
  TODAY            0.0                           0.0
  MONTH TO DATE    0.2                           0.9
  SINCE JUL 1     19.3                          18.2
  SNOW DEPTH       0

DEGREE DAYS
 HEATING
  TODAY           12            13     -1        0
  MONTH TO DATE  203           316   -113      310
  SINCE MAR 1    855          1144   -289     1203
  SINCE JUL 1   5584          5975   -391     6263

 COOLING
  TODAY            0             0      0        0
  MONTH TO DATE    4             0      4        3
  SINCE MAR 1      4             0      4        3
  SINCE JAN 1      4             0      4        3
......................................................


WIND (MPH)
  HIGHEST WIND SPEED    MM   HIGHEST WIND DIRECTION    MM
  HIGHEST GUST SPEED    39   HIGHEST GUST DIRECTION    MM



WEATHER CONDITIONS
 THE FOLLOWING WEATHER WAS RECORDED TODAY.
  NO SIGNIFICANT WEATHER WAS OBSERVED.


..........................................................


THE VALLEY  NWS, NEBRASKA CLIMATE NORMALS FOR TOMORROW
                         NORMAL
 MAXIMUM TEMPERATURE (F)   63
 MINIMUM TEMPERATURE (F)   41


SUNRISE AND SUNSET
APRIL 19 2015.........SUNRISE   640 AM CDT   SUNSET   810 PM CDT
APRIL 20 2015.........SUNRISE   639 AM CDT   SUNSET   811 PM CDT


-  INDICATES NEGATIVE NUMBERS.
R  INDICATES RECORD WAS SET OR TIED.
MM INDICATES DATA IS MISSING.
T  INDICATES TRACE AMOUNT.




$$
