000
CDUS43 KGID 210654
CLIODX


CLIMATE REPORT
NATIONAL WEATHER SERVICE HASTINGS NE
148 AM CDT TUE APR 21 2015


...................................

...THE ORD NE CLIMATE SUMMARY FOR APRIL 20 2015...

CLIMATE NORMAL PERIOD 1981 TO 2010
CLIMATE RECORD PERIOD 1895 TO 2015


WEATHER ITEM   OBSERVED TIME   NORMAL DEPARTURE LAST
                VALUE   (LST)  VALUE  FROM      YEAR
                                      NORMAL
......................................................
TEMPERATURE (F)
 YESTERDAY
  MAXIMUM         56    429 PM  63     -7       79
  MINIMUM         35    555 AM  38     -3       43
  AVERAGE         46            50     -4       61

PRECIPITATION (IN)
  YESTERDAY        0.00          0.10  -0.10     0.02
  MONTH TO DATE    2.71          1.55   1.16     0.65
  SINCE MAR 1      2.74          3.00  -0.26     0.85
  SINCE JAN 1      3.48          3.81  -0.33     1.10

DEGREE DAYS
 HEATING
  YESTERDAY       19            15      4        4
  MONTH TO DATE  285           357    -72      373
  SINCE MAR 1   1011          1203   -192     1320
  SINCE JUL 1   6143          6220    -77     6473

 COOLING
  YESTERDAY        0             0      0        0
  MONTH TO DATE    4             0      4        0
  SINCE MAR 1      4             0      4        0
  SINCE JAN 1      4             0      4        0
......................................................


WIND (MPH)
  HIGHEST WIND SPEED    31   HIGHEST WIND DIRECTION    NW (320)
  HIGHEST GUST SPEED    41   HIGHEST GUST DIRECTION    NW (330)
  AVERAGE WIND SPEED    16.4


SKY COVER
  AVERAGE SKY COVER 0.4


WEATHER CONDITIONS
 THE FOLLOWING WEATHER WAS RECORDED YESTERDAY.
  NO SIGNIFICANT WEATHER WAS OBSERVED.


RELATIVE HUMIDITY (PERCENT)
 HIGHEST    76          1200 AM
 LOWEST     26           300 PM
 AVERAGE    51

..........................................................


THE ORD NE CLIMATE NORMALS FOR TODAY
                         NORMAL
 MAXIMUM TEMPERATURE (F)   63
 MINIMUM TEMPERATURE (F)   38


SUNRISE AND SUNSET
APRIL 21 2015.........SUNRISE   647 AM CDT   SUNSET   823 PM CDT
APRIL 22 2015.........SUNRISE   646 AM CDT   SUNSET   824 PM CDT


-  INDICATES NEGATIVE NUMBERS.
R  INDICATES RECORD WAS SET OR TIED.
MM INDICATES DATA IS MISSING.
T  INDICATES TRACE AMOUNT.




$$
