000
CDUS45 KBOI 180931
CLIONO


CLIMATE REPORT
NATIONAL WEATHER SERVICE BOISE ID
330 AM MDT SAT APR 18 2015


...................................

...THE ONTARIO OR CLIMATE SUMMARY FOR APRIL 17 2015...

CLIMATE NORMAL PERIOD 1981 TO 2010
CLIMATE RECORD PERIOD 1948 TO 2015


WEATHER ITEM   OBSERVED TIME   RECORD YEAR NORMAL DEPARTURE LAST
                VALUE   (LST)  VALUE       VALUE  FROM      YEAR
                                                  NORMAL
..................................................................
TEMPERATURE (F)
 YESTERDAY
  MAXIMUM         75    451 PM  87    1994  65     10       77
  MINIMUM         32    557 AM  19    1964  36     -4       34
  AVERAGE         54                        50      4       56

PRECIPITATION (IN)
  YESTERDAY        0.00          0.35 2007   0.02  -0.02      T
  MONTH TO DATE    0.47                      0.45   0.02     0.19
  SINCE OCT 1      6.83                      6.85  -0.02     4.88
  SINCE JAN 1      2.37                      3.44  -1.07     3.37

DEGREE DAYS
 HEATING
  YESTERDAY       11                        15     -4        9
  MONTH TO DATE  285                       276      9      220
  SINCE MAR 1    808                       946   -138      808
  SINCE JUL 1   4602                      5576   -974     5564

 COOLING
  YESTERDAY        0                         0      0        0
  MONTH TO DATE    0                         0      0        0
  SINCE MAR 1      0                         0      0        0
  SINCE JAN 1      0                         0      0        0
..................................................................


WIND (MPH)
  HIGHEST WIND SPEED    24   HIGHEST WIND DIRECTION    NW (310)
  HIGHEST GUST SPEED    33   HIGHEST GUST DIRECTION    NW (310)
  AVERAGE WIND SPEED     4.6


SKY COVER
  AVERAGE SKY COVER 0.0


WEATHER CONDITIONS
 THE FOLLOWING WEATHER WAS RECORDED YESTERDAY.
  NO SIGNIFICANT WEATHER WAS OBSERVED.


RELATIVE HUMIDITY (PERCENT)
 HIGHEST    75           500 AM
 LOWEST     23           400 PM
 AVERAGE    49

..........................................................


THE ONTARIO OR CLIMATE NORMALS FOR TODAY
                         NORMAL    RECORD    YEAR
 MAXIMUM TEMPERATURE (F)   65        88      1962
 MINIMUM TEMPERATURE (F)   36        27      1972


SUNRISE AND SUNSET
APRIL 18 2015.........SUNRISE   700 AM MDT   SUNSET   836 PM MDT
APRIL 19 2015.........SUNRISE   658 AM MDT   SUNSET   837 PM MDT


-  INDICATES NEGATIVE NUMBERS.
R  INDICATES RECORD WAS SET OR TIED.
MM INDICATES DATA IS MISSING.
T  INDICATES TRACE AMOUNT.




$$
