000
CDUS45 KLKN 210028
CLIP68


CLIMATE REPORT
NATIONAL WEATHER SERVICE ELKO NV
527 PM PDT MON APR 20 2015


...................................

...THE EUREKA AIRPORT NV CLIMATE SUMMARY FOR APRIL 20 2015...
VALID TODAY AS OF 0500 PM LOCAL TIME.

CLIMATE NORMAL PERIOD 1981 TO 2010
CLIMATE RECORD PERIOD 1963 TO 2015


WEATHER ITEM   OBSERVED TIME   RECORD YEAR NORMAL DEPARTURE LAST
                VALUE   (LST)  VALUE       VALUE  FROM      YEAR
                                                  NORMAL
..................................................................
TEMPERATURE (F)
 TODAY
  MAXIMUM         70    310 PM  82    1994  60     10       69
  MINIMUM         29    500 AM   4    1966  29      0       33
  AVERAGE         50                        44      6       51

PRECIPITATION (IN)
  TODAY            0.00          0.16 1995   0.03  -0.03     0.00
  MONTH TO DATE    0.24                      0.63  -0.39     0.13
  SINCE OCT 1      2.26                      5.29  -3.03     4.87
  SINCE JAN 1      1.14                      3.16  -2.02     2.47

DEGREE DAYS
 HEATING
  TODAY           15                        21     -6       14
  MONTH TO DATE  467                       459      8      376
  SINCE MAR 1   1107                      1330   -223     1154
  SINCE JUL 1   5150                      6615  -1465     5958

 COOLING
  TODAY            0                         0      0        0
  MONTH TO DATE    0                         0      0        0
  SINCE MAR 1      0                         0      0        0
  SINCE JAN 1      0                         0      0        0
..................................................................


WIND (MPH)
  HIGHEST WIND SPEED    16   HIGHEST WIND DIRECTION    NE (30)
  HIGHEST GUST SPEED    22   HIGHEST GUST DIRECTION     N (10)




RELATIVE HUMIDITY (PERCENT)
 HIGHEST    46           500 AM
 LOWEST      9           400 PM
 AVERAGE    28

..........................................................


THE EUREKA AIRPORT NV CLIMATE NORMALS FOR TOMORROW
                         NORMAL    RECORD    YEAR
 MAXIMUM TEMPERATURE (F)   60        81      2012
 MINIMUM TEMPERATURE (F)   29         8      2008


SUNRISE AND SUNSET
APRIL 20 2015.........SUNRISE   600 AM PDT   SUNSET   727 PM PDT
APRIL 21 2015.........SUNRISE   558 AM PDT   SUNSET   728 PM PDT


-  INDICATES NEGATIVE NUMBERS.
R  INDICATES RECORD WAS SET OR TIED.
MM INDICATES DATA IS MISSING.
T  INDICATES TRACE AMOUNT.




$$
