000
CDUS43 KILX 190633
CLIPIA


CLIMATE REPORT
NATIONAL WEATHER SERVICE LINCOLN IL
132 AM CDT SUN APR 19 2015


...................................

...THE PEORIA IL CLIMATE SUMMARY FOR APRIL 18 2015...

CLIMATE NORMAL PERIOD 1981 TO 2010
CLIMATE RECORD PERIOD 1883 TO 2015


WEATHER ITEM   OBSERVED TIME   RECORD YEAR NORMAL DEPARTURE LAST
                VALUE   (LST)  VALUE       VALUE  FROM      YEAR
                                                  NORMAL
..................................................................
TEMPERATURE (F)
 YESTERDAY
  MAXIMUM         82    334 PM  91    2002  64     18       67
  MINIMUM         59    545 AM  24    1983  43     16       39
  AVERAGE         71                        53     18       53

PRECIPITATION (IN)
  YESTERDAY        0.00          1.37 2013   0.12  -0.12     0.00
  MONTH TO DATE    2.09                      2.11  -0.02     2.66
  SINCE MAR 1      2.74                      4.91  -2.17     4.60
  SINCE JAN 1      6.46                      8.48  -2.02     9.47

SNOWFALL (IN)
  YESTERDAY        0.0           0.7  1910   0.0    0.0      0.0
  MONTH TO DATE    0.0                       0.5   -0.5      0.3
  SINCE MAR 1      2.7                       3.2   -0.5      7.4
  SINCE JUL 1     27.0                      24.5    2.5     57.6
  SNOW DEPTH       0

DEGREE DAYS
 HEATING
  YESTERDAY        0                        12    -12       12
  MONTH TO DATE  124                       273   -149      280
  SINCE MAR 1    867                      1029   -162     1214
  SINCE JUL 1   5573                      5545     28     6393

 COOLING
  YESTERDAY        6                         1      5        0
  MONTH TO DATE   11                         1     10        4
  SINCE MAR 1     11                         2      9        4
  SINCE JAN 1     11                         2      9        4
..................................................................


WIND (MPH)
  HIGHEST WIND SPEED    16   HIGHEST WIND DIRECTION     S (170)
  HIGHEST GUST SPEED    23   HIGHEST GUST DIRECTION     E (110)
  AVERAGE WIND SPEED     6.4


SKY COVER
  POSSIBLE SUNSHINE  MM
  AVERAGE SKY COVER 0.2


WEATHER CONDITIONS
 THE FOLLOWING WEATHER WAS RECORDED YESTERDAY.
  HAZE


RELATIVE HUMIDITY (PERCENT)
 HIGHEST    75           500 AM
 LOWEST     31           600 PM
 AVERAGE    53

..........................................................


THE PEORIA IL CLIMATE NORMALS FOR TODAY
                         NORMAL    RECORD    YEAR
 MAXIMUM TEMPERATURE (F)   64        84      1985
                                             1938
 MINIMUM TEMPERATURE (F)   43        22      1983


SUNRISE AND SUNSET
APRIL 19 2015.........SUNRISE   614 AM CDT   SUNSET   742 PM CDT
APRIL 20 2015.........SUNRISE   613 AM CDT   SUNSET   743 PM CDT


-  INDICATES NEGATIVE NUMBERS.
R  INDICATES RECORD WAS SET OR TIED.
MM INDICATES DATA IS MISSING.
T  INDICATES TRACE AMOUNT.




$$
