000
CDUS45 KPIH 040731
CLIPIH


CLIMATE REPORT
NATIONAL WEATHER SERVICE POCATELLO ID
130 AM MDT MON MAY 4 2015


...................................

...THE POCATELLO ID CLIMATE SUMMARY FOR MAY 3 2015...

CLIMATE NORMAL PERIOD 1981 TO 2010
CLIMATE RECORD PERIOD 1939 TO 2015


WEATHER ITEM   OBSERVED TIME   RECORD YEAR NORMAL DEPARTURE LAST
                VALUE   (LST)  VALUE       VALUE  FROM      YEAR
                                                  NORMAL
..................................................................
TEMPERATURE (F)
 YESTERDAY
  MAXIMUM         77    228 PM  88    1947  64     13       79
  MINIMUM         46    547 AM  26    2006  37      9       46
  AVERAGE         62                        50     12       63

PRECIPITATION (IN)
  YESTERDAY        T             0.51 1993   0.05  -0.05     0.00
  MONTH TO DATE    T                         0.15  -0.15     0.00
  SINCE OCT 1      4.15                      7.74  -3.59     6.74
  SINCE JAN 1      1.76                      4.52  -2.76     5.37

SNOWFALL (IN)
  YESTERDAY        0.0
  MONTH TO DATE    0.0
  SINCE MAR 1      5.5
  SINCE JUL 1     20.3
  SNOW DEPTH       0

DEGREE DAYS
 HEATING
  YESTERDAY        3                        15    -12        2
  MONTH TO DATE   20                        45    -25       22
  SINCE MAR 1   1210                      1466   -256     1312
  SINCE JUL 1   5551                      6739  -1188     6292

 COOLING
  YESTERDAY        0                         0      0        0
  MONTH TO DATE    0                         0      0        0
  SINCE MAR 1      0                         0      0        0
  SINCE JAN 1      0                         0      0        0
..................................................................


WIND (MPH)
  HIGHEST WIND SPEED    22   HIGHEST WIND DIRECTION     S (180)
  HIGHEST GUST SPEED    26   HIGHEST GUST DIRECTION     S (180)
  AVERAGE WIND SPEED     7.1


SKY COVER
  POSSIBLE SUNSHINE  MM
  AVERAGE SKY COVER 0.4


WEATHER CONDITIONS
 THE FOLLOWING WEATHER WAS RECORDED YESTERDAY.
  THUNDERSTORM
  LIGHT RAIN


RELATIVE HUMIDITY (PERCENT)
 HIGHEST    66           500 AM
 LOWEST     20           200 PM
 AVERAGE    43

..........................................................


THE POCATELLO ID CLIMATE NORMALS FOR TODAY
                         NORMAL    RECORD    YEAR
 MAXIMUM TEMPERATURE (F)   64        87      1966
 MINIMUM TEMPERATURE (F)   37        24      2001


SUNRISE AND SUNSET
MAY  4 2015...........SUNRISE   621 AM MDT   SUNSET   834 PM MDT
MAY  5 2015...........SUNRISE   619 AM MDT   SUNSET   836 PM MDT


-  INDICATES NEGATIVE NUMBERS.
R  INDICATES RECORD WAS SET OR TIED.
MM INDICATES DATA IS MISSING.
T  INDICATES TRACE AMOUNT.




$$
