000
CDUS41 KRLX 182118
CLIPKB


CLIMATE REPORT
NATIONAL WEATHER SERVICE CHARLESTON WV
517 PM EDT SAT APR 18 2015


...................................

...THE PARKERSBURG WV CLIMATE SUMMARY FOR APRIL 18 2015...
VALID TODAY AS OF 0500 PM LOCAL TIME.

CLIMATE NORMAL PERIOD 1981 TO 2010
CLIMATE RECORD PERIOD 1889 TO 2015


WEATHER ITEM   OBSERVED TIME   RECORD YEAR NORMAL DEPARTURE LAST
                VALUE   (LST)  VALUE       VALUE  FROM      YEAR
                                                  NORMAL
..................................................................
TEMPERATURE (F)
 TODAY
  MAXIMUM         80    357 PM  94    1976  67     13       72
  MINIMUM         47    623 AM  28    1951  43      4       42
  AVERAGE         64                        55      9       57

PRECIPITATION (IN)
  TODAY            0.00          0.90 2000   0.10  -0.10     0.00
  MONTH TO DATE    5.64                      1.93   3.71       MM
  SINCE MAR 1     11.23                      5.66   5.57       MM
  SINCE JAN 1     15.12                     11.31   3.81       MM

DEGREE DAYS
 HEATING
  TODAY            1                        11    -10        8
  MONTH TO DATE  144                       238    -94       MM
  SINCE MAR 1    885                       909    -24       MM
  SINCE JUL 1   5103                      4699    404       MM

 COOLING
  TODAY            0                         1     -1        0
  MONTH TO DATE   10                         8      2       MM
  SINCE MAR 1     10                        11     -1       MM
  SINCE JAN 1     10                        11     -1       MM
..................................................................


WIND (MPH)
  HIGHEST WIND SPEED    10   HIGHEST WIND DIRECTION    NE (50)
  HIGHEST GUST SPEED    14   HIGHEST GUST DIRECTION     N (350)
  AVERAGE WIND SPEED     2.2


SKY COVER
  POSSIBLE SUNSHINE  MM
  AVERAGE SKY COVER 0.0


WEATHER CONDITIONS
 THE FOLLOWING WEATHER WAS RECORDED TODAY.
  FOG


RELATIVE HUMIDITY (PERCENT)
 HIGHEST    93           500 AM
 LOWEST     26           400 PM
 AVERAGE    60

..........................................................


THE PARKERSBURG WV CLIMATE NORMALS FOR TOMORROW
                         NORMAL    RECORD    YEAR
 MAXIMUM TEMPERATURE (F)   68        89      1942
 MINIMUM TEMPERATURE (F)   43        25      1983


SUNRISE AND SUNSET
APRIL 18 2015.........SUNRISE   645 AM EDT   SUNSET   806 PM EDT
APRIL 19 2015.........SUNRISE   643 AM EDT   SUNSET   807 PM EDT


-  INDICATES NEGATIVE NUMBERS.
R  INDICATES RECORD WAS SET OR TIED.
MM INDICATES DATA IS MISSING.
T  INDICATES TRACE AMOUNT.




$$
