000
CDUS46 KLOX 270902
CLIPMD


CLIMATE REPORT
NATIONAL WEATHER SERVICE LOS ANGELES/OXNARD CA
202 AM PDT MON APR 27 2015


...................................

...THE PALMDALE AIRPORT CA CLIMATE SUMMARY FOR APRIL 26 2015...

CLIMATE NORMAL PERIOD 1981 TO 2010
CLIMATE RECORD PERIOD 1931 TO 2015


WEATHER ITEM   OBSERVED TIME   RECORD YEAR NORMAL DEPARTURE LAST
                VALUE   (LST)  VALUE       VALUE  FROM      YEAR
                                                  NORMAL
..................................................................
TEMPERATURE (F)
 YESTERDAY
  MAXIMUM         72    154 PM  98    1996  76     -4       58
  MINIMUM         48    238 AM  31    1974  46      2       40
  AVERAGE         60                        61     -1       49

PRECIPITATION (IN)
  YESTERDAY        0.00          0.60 1931   0.02  -0.02      T
  MONTH TO DATE    0.08                      0.43  -0.35     0.13
  SINCE OCT 1      4.12                      7.39  -3.27     4.03
  SINCE JAN 1      1.55                      4.94  -3.39     2.09

SNOWFALL (IN)
  YESTERDAY        0.0           0.0  2001  MM              MM
  MONTH TO DATE    0.0                      MM               0.0
  SINCE MAR 1      0.0                      MM               0.0
  SINCE JUL 1      0.0                      MM               0.0
  SNOW DEPTH       0

DEGREE DAYS
 HEATING
  YESTERDAY        5                         5      0       16
  MONTH TO DATE  159                       210    -51      126
  SINCE MAR 1    343                       586   -243      389
  SINCE JUL 1   1998                      2831   -833     2287

 COOLING
  YESTERDAY        0                         1     -1        0
  MONTH TO DATE   11                        11      0       43
  SINCE MAR 1     19                        13      6       43
  SINCE JAN 1     19                        13      6       44
..................................................................


WIND (MPH)
  HIGHEST WIND SPEED    31   HIGHEST WIND DIRECTION    NW (300)
  HIGHEST GUST SPEED    37   HIGHEST GUST DIRECTION     W (280)
  AVERAGE WIND SPEED    14.7


SKY COVER
  POSSIBLE SUNSHINE  MM
  AVERAGE SKY COVER 0.0


WEATHER CONDITIONS
 THE FOLLOWING WEATHER WAS RECORDED YESTERDAY.
  NO SIGNIFICANT WEATHER WAS OBSERVED.


RELATIVE HUMIDITY (PERCENT)
 HIGHEST    71           300 AM
 LOWEST     25           100 PM
 AVERAGE    48

..........................................................


THE PALMDALE AIRPORT CA CLIMATE NORMALS FOR TODAY
                         NORMAL    RECORD    YEAR
 MAXIMUM TEMPERATURE (F)   76        97      1996
 MINIMUM TEMPERATURE (F)   47        29      1955


SUNRISE AND SUNSET
APRIL 27 2015.........SUNRISE   607 AM PDT   SUNSET   734 PM PDT
APRIL 28 2015.........SUNRISE   606 AM PDT   SUNSET   735 PM PDT


-  INDICATES NEGATIVE NUMBERS.
R  INDICATES RECORD WAS SET OR TIED.
MM INDICATES DATA IS MISSING.
T  INDICATES TRACE AMOUNT.




$$
