000
CDUS45 KFGZ 210806
CLIPRC
CLIMATE REPORT
NATIONAL WEATHER SERVICE FLAGSTAFF, AZ
103 AM MST TUE APR 21 2015


...................................

...THE PRESCOTT AZ AIRPORT CLIMATE SUMMARY FOR APRIL 20 2015...

CLIMATE NORMAL PERIOD 1981 TO 2010
CLIMATE RECORD PERIOD 1948 TO 2015


WEATHER ITEM   OBSERVED TIME   RECORD YEAR NORMAL DEPARTURE LAST
                VALUE   (LST)  VALUE       VALUE  FROM      YEAR
                                                  NORMAL
..................................................................
TEMPERATURE (F)
 YESTERDAY
  MAXIMUM         76    115 PM  85    1950  68      8       77
  MINIMUM         43    609 AM  22    1966  39      4       43
  AVERAGE         60                        54      6

PRECIPITATION (IN)
  YESTERDAY        0.00          0.17 1952   0.01  -0.01      T
  MONTH TO DATE    T                         0.37  -0.37     0.01
  SINCE SEP 1      8.42                      8.26   0.16     5.41
  SINCE JAN 1      3.74                      3.95  -0.21     0.69

DEGREE DAYS
 HEATING
  YESTERDAY        5                               -6
  MONTH TO DATE  232                              -42
  SINCE JUL 1   3164                             -857

 COOLING
  YESTERDAY        0                                0
  MONTH TO DATE    0                                0
  SINCE JAN 1      0                                0
..................................................................


WIND (MPH)
  HIGHEST WIND SPEED    17   HIGHEST WIND DIRECTION     W (260)
  HIGHEST GUST SPEED    23   HIGHEST GUST DIRECTION    SW (240)
  AVERAGE WIND SPEED     7.2


SKY COVER
  AVERAGE SKY COVER 0.2


WEATHER CONDITIONS
 THE FOLLOWING WEATHER WAS RECORDED YESTERDAY.
  NO SIGNIFICANT WEATHER WAS OBSERVED.


RELATIVE HUMIDITY (PERCENT)
 HIGHEST    40
 LOWEST     10

..........................................................


THE PRESCOTT AZ AIRPORT CLIMATE NORMALS FOR TODAY
                         NORMAL    RECORD    YEAR
 MAXIMUM TEMPERATURE (F)   69        86      2012
 MINIMUM TEMPERATURE (F)   39        23      1982


SUNRISE AND SUNSET
APRIL 21 2015.........SUNRISE   551 AM MST   SUNSET   706 PM MST
APRIL 22 2015.........SUNRISE   550 AM MST   SUNSET   707 PM MST


-  INDICATES NEGATIVE NUMBERS.
R  INDICATES RECORD WAS SET OR TIED.
MM INDICATES DATA IS MISSING.
T  INDICATES TRACE AMOUNT.




$$
