000
CDUS41 KALY 280622
CLIPSF


CLIMATE REPORT
NATIONAL WEATHER SERVICE ALBANY NY
221 AM EDT TUE APR 28 2015


...................................

...THE PITTSFIELD MA CLIMATE SUMMARY FOR APRIL 27 2015...

CLIMATE NORMAL PERIOD 1981 TO 2010
CLIMATE RECORD PERIOD 9999 TO 9999


WEATHER ITEM   OBSERVED TIME   NORMAL DEPARTURE LAST
                VALUE   (LST)  VALUE  FROM      YEAR
                                      NORMAL
......................................................
TEMPERATURE (F)
 YESTERDAY
  MAXIMUM         54    132 PM  60     -6       50
  MINIMUM         39    534 AM  38      1       36
  AVERAGE         47            49     -2       43

PRECIPITATION (IN)
  YESTERDAY        T             0.11  -0.11     0.01
  MONTH TO DATE    2.90          3.56  -0.66     2.39
  SINCE MAR 1      4.47          6.93  -2.46     5.52
  SINCE JAN 1      9.56         12.53  -2.97    11.90

DEGREE DAYS
 HEATING
  YESTERDAY       18            16      2       22
  MONTH TO DATE  589           581      8      565
  SINCE MAR 1   1790          1608    182     1796
  SINCE JUL 1   7453          6988    465     7348

 COOLING
  YESTERDAY        0             0      0        0
  MONTH TO DATE    0             0      0        1
  SINCE MAR 1      0             0      0        1
  SINCE JAN 1      0             0      0        1
......................................................


WIND (MPH)
  HIGHEST WIND SPEED    20   HIGHEST WIND DIRECTION     N (340)
  HIGHEST GUST SPEED    29   HIGHEST GUST DIRECTION     N (10)
  AVERAGE WIND SPEED    11.1


SKY COVER
  AVERAGE SKY COVER 1.0



RELATIVE HUMIDITY (PERCENT)
 HIGHEST    89
 LOWEST     50
 AVERAGE    70

..........................................................


THE PITTSFIELD MA CLIMATE NORMALS FOR TODAY
                         NORMAL
 MAXIMUM TEMPERATURE (F)   60
 MINIMUM TEMPERATURE (F)   38


SUNRISE AND SUNSET
APRIL 28 2015.........SUNRISE   553 AM EDT   SUNSET   749 PM EDT
APRIL 29 2015.........SUNRISE   551 AM EDT   SUNSET   750 PM EDT


-  INDICATES NEGATIVE NUMBERS.
R  INDICATES RECORD WAS SET OR TIED.
MM INDICATES DATA IS MISSING.
T  INDICATES TRACE AMOUNT.




$$
