000
CDUS46 KSGX 190018
CLIPSP


CLIMATE REPORT
NATIONAL WEATHER SERVICE SAN DIEGO, CA
518 PM PDT SAT APR 18 2015


...................................

...THE PALM SPRINGS INTL AIRPORT CA CLIMATE SUMMARY FOR APRIL 18 2015...
VALID TODAY AS OF 0500 PM LOCAL TIME.

CLIMATE NORMAL PERIOD 1981 TO 2010
CLIMATE RECORD PERIOD 1893 TO 2015


WEATHER ITEM   OBSERVED TIME   RECORD YEAR NORMAL DEPARTURE LAST
                VALUE   (LST)  VALUE       VALUE  FROM      YEAR
                                                  NORMAL
..................................................................
TEMPERATURE (F)
 TODAY
  MAXIMUM         96    353 PM 104    1994  85     11       83
                                      1954
  MINIMUM         60    450 AM  40    1968  58      2       65
                                      1922
  AVERAGE         78                        71      7       74

PRECIPITATION (IN)
  TODAY            0.00          T    2014   0.00   0.00      T
  MONTH TO DATE    0.00                      0.07  -0.07      T
  SINCE OCT 1      2.09                      4.56  -2.47     0.88
  SINCE JAN 1      1.22                      2.71  -1.49     0.70

SNOWFALL (IN)
  TODAY            0.0
  MONTH TO DATE    0.0
  SINCE MAR 1      0.0
  SINCE JUL 1      0.0
  SNOW DEPTH       0

DEGREE DAYS
 HEATING
  TODAY            0                         0      0        0
  MONTH TO DATE    1                        17    -16        8
  SINCE MAR 1     30                        90    -60       20
  SINCE JUL 1    401                       868   -467      431

 COOLING
  TODAY           13                         7      6        9
  MONTH TO DATE  147                       100     47      165
  SINCE MAR 1    458                       193    265      332
  SINCE JAN 1    578                       220    358      440
..................................................................


WIND (MPH)
  RESULTANT WIND SPEED   2   RESULTANT WIND DIRECTION   N (360)
  HIGHEST WIND SPEED    21   HIGHEST WIND DIRECTION    NW (330)
  HIGHEST GUST SPEED    26   HIGHEST GUST DIRECTION    NW (320)
  AVERAGE WIND SPEED     4.5


SKY COVER
  POSSIBLE SUNSHINE  MM
  AVERAGE SKY COVER 0.0


WEATHER CONDITIONS
 THE FOLLOWING WEATHER WAS RECORDED TODAY.
  NO SIGNIFICANT WEATHER WAS OBSERVED.


RELATIVE HUMIDITY (PERCENT)
 HIGHEST    36           500 AM
 LOWEST      5           200 PM
 AVERAGE    21

..........................................................


THE PALM SPRINGS INTL AIRPORT CA CLIMATE NORMALS FOR TOMORROW
                         NORMAL    RECORD    YEAR
 MAXIMUM TEMPERATURE (F)   85       104      1999
                                             1980
                                             1950
 MINIMUM TEMPERATURE (F)   58        34      1968


SUNRISE AND SUNSET
APRIL 18 2015.........SUNRISE   612 AM PDT   SUNSET   719 PM PDT
APRIL 19 2015.........SUNRISE   611 AM PDT   SUNSET   720 PM PDT


-  INDICATES NEGATIVE NUMBERS.
R  INDICATES RECORD WAS SET OR TIED.
MM INDICATES DATA IS MISSING.
T  INDICATES TRACE AMOUNT.




$$
