000
CDUS46 KMFR 040838
CLIRBG


CLIMATE REPORT
NATIONAL WEATHER SERVICE MEDFORD, OR
138 AM PDT MON MAY 4 2015


...................................

...THE ROSEBURG OR CLIMATE SUMMARY FOR MAY 3 2015...

CLIMATE NORMAL PERIOD 1981 TO 2010
CLIMATE RECORD PERIOD 1931 TO 2015


WEATHER ITEM   OBSERVED TIME   RECORD YEAR NORMAL DEPARTURE LAST
                VALUE   (LST)  VALUE       VALUE  FROM      YEAR
                                                  NORMAL
..................................................................
TEMPERATURE (F)
 YESTERDAY
  MAXIMUM         79    505 PM  94    1992  67     12       68
  MINIMUM         43    559 AM  36    2001  45     -2       49
                                      1981
  AVERAGE         61                        56      5       59

PRECIPITATION (IN)
  YESTERDAY        0.00          0.79 1936   0.08  -0.08      T
  MONTH TO DATE    0.00                      0.25  -0.25      T
  SINCE OCT 1     24.48                     31.26  -6.78    17.71
  SINCE JAN 1     10.20                     15.61  -5.41    14.01

SNOWFALL (IN)
  YESTERDAY       MM                        MM     MM       MM
  MONTH TO DATE   MM                        MM     MM       MM
  SINCE JUL 1      0.0                      MM     MM        0.0
  SNOW DEPTH      MM

DEGREE DAYS
 HEATING
  YESTERDAY        4                         9     -5        6
  MONTH TO DATE    9                        28    -19        7
  SINCE MAR 1    672                       923   -251      694
  SINCE JUL 1   2729                      3792  -1063     3621

 COOLING
  YESTERDAY        0                         0      0        0
  MONTH TO DATE    0                         0      0        7
  SINCE MAR 1      1                         1      0       13
  SINCE JAN 1      1                         1      0       13
..................................................................


WIND (MPH)
  RESULTANT WIND SPEED   3   RESULTANT WIND DIRECTION   N (10)
  HIGHEST WIND SPEED    13   HIGHEST WIND DIRECTION    NW (330)
  HIGHEST GUST SPEED    18   HIGHEST GUST DIRECTION     N (20)
  AVERAGE WIND SPEED     3.9


SKY COVER
  POSSIBLE SUNSHINE  MM
  AVERAGE SKY COVER 0.0


WEATHER CONDITIONS
 THE FOLLOWING WEATHER WAS RECORDED YESTERDAY.
  NO SIGNIFICANT WEATHER WAS OBSERVED.


RELATIVE HUMIDITY (PERCENT)
 HIGHEST    83           400 AM
 LOWEST     23           500 PM
 AVERAGE    53

..........................................................


THE ROSEBURG OR CLIMATE NORMALS FOR TODAY
                         NORMAL    RECORD    YEAR
 MAXIMUM TEMPERATURE (F)   67        95      1990
 MINIMUM TEMPERATURE (F)   45        33      1996


SUNRISE AND SUNSET
MAY  4 2015...........SUNRISE   603 AM PDT   SUNSET   818 PM PDT
MAY  5 2015...........SUNRISE   602 AM PDT   SUNSET   819 PM PDT


-  INDICATES NEGATIVE NUMBERS.
R  INDICATES RECORD WAS SET OR TIED.
MM INDICATES DATA IS MISSING.
T  INDICATES TRACE AMOUNT.




$$
