000
CDUS46 KPDT 190941
CLIRDM

CLIMATE REPORT
NATIONAL WEATHER SERVICE PENDLETON OR
241 AM PDT SUN APR 19 2015


...................................

...THE REDMOND OR CLIMATE SUMMARY FOR APRIL 18 2015...

CLIMATE NORMAL PERIOD 1981 TO 2010
CLIMATE RECORD PERIOD 1949 TO 2015


WEATHER ITEM   OBSERVED TIME   RECORD YEAR NORMAL DEPARTURE LAST
                VALUE   (LST)  VALUE       VALUE  FROM      YEAR
                                                  NORMAL
..................................................................
TEMPERATURE (F)
 YESTERDAY
  MAXIMUM         69    400 PM  83    1962  60      9       60
  MINIMUM         29    556 AM  10    1972  29      0       27
  AVERAGE         49                        44      5       44

PRECIPITATION (IN)
  YESTERDAY        0.00          0.20 1965   0.03  -0.03     0.00
  MONTH TO DATE    0.06                      0.41  -0.35     0.34
  SINCE OCT 1      5.72                      5.45   0.27     3.56
  SINCE JAN 1      1.44                      2.69  -1.25     2.85

DEGREE DAYS
 HEATING
  YESTERDAY       16                        20     -4       21
  MONTH TO DATE  436                       391     45      353
  SINCE MAR 1   1057                      1169   -112     1074
  SINCE JUL 1   5090                      5842   -752     5867

 COOLING
  YESTERDAY        0                         0      0        0
  MONTH TO DATE    0                         0      0        0
  SINCE MAR 1      0                         0      0        0
  SINCE JAN 1      0                         0      0        0
..................................................................


WIND (MPH)
  RESULTANT WIND SPEED   3   RESULTANT WIND DIRECTION  NW (330)
  HIGHEST WIND SPEED    21   HIGHEST WIND DIRECTION    NW (310)
  HIGHEST GUST SPEED    27   HIGHEST GUST DIRECTION    NW (330)
  AVERAGE WIND SPEED     6.8


SKY COVER
  POSSIBLE SUNSHINE  MM
  AVERAGE SKY COVER 0.0


WEATHER CONDITIONS
THE FOLLOWING WEATHER WAS RECORDED YESTERDAY.
  HAZE


RELATIVE HUMIDITY (PERCENT)
 HIGHEST    92           500 AM
 LOWEST     16           600 PM
 AVERAGE    54

..........................................................


THE REDMOND OR CLIMATE NORMALS FOR TODAY
                         NORMAL    RECORD    YEAR
 MAXIMUM TEMPERATURE (F)   60        80      2009
 MINIMUM TEMPERATURE (F)   29        13      2008
                                             1964


SUNRISE AND SUNSET
APRIL 19 2015.........SUNRISE   615 AM PDT   SUNSET   754 PM PDT
APRIL 20 2015.........SUNRISE   613 AM PDT   SUNSET   755 PM PDT


-  INDICATES NEGATIVE NUMBERS.
R  INDICATES RECORD WAS SET OR TIED.
MM INDICATES DATA IS MISSING.
T  INDICATES TRACE AMOUNT.

$$
