000
CDUS42 KRAH 281440
CLIRDU


CLIMATE REPORT
NATIONAL WEATHER SERVICE RALEIGH NC
1039 AM EDT TUE APR 28 2015


...................................

...THE RALEIGH-DURHAM INTL AIRPORT NC CLIMATE SUMMARY FOR APRIL 28 2015...
VALID AS OF 1039 AM LOCAL TIME.

CLIMATE NORMAL PERIOD 1981 TO 2010
CLIMATE RECORD PERIOD 1887 TO 2015


WEATHER ITEM   OBSERVED TIME   RECORD YEAR NORMAL DEPARTURE LAST
                VALUE   (LST)  VALUE       VALUE  FROM      YEAR
                                                  NORMAL
..................................................................
TEMPERATURE (F)
 TODAY

  MINIMUM         39    303 AM  32    1976  51    -12       54

PRECIPITATION (IN)
  TODAY            0.00          2.02 1958   0.09  -0.09      T
  MONTH TO DATE    4.27                      2.75   1.52     4.06
  SINCE MAR 1      7.55                      6.86   0.69     9.12
  SINCE JAN 1     13.81                     13.59   0.22    14.08

SNOWFALL (IN)
  TODAY            0.0           0.0  2002   0.0    0.0      0.0
                                      2001
  MONTH TO DATE    0.0                       0.1   -0.1      0.0
  SINCE MAR 1      0.0                       0.6   -0.6      0.2
  SINCE JUL 1      7.9                       6.1    1.8      5.8
  SNOW DEPTH       0

..................................................................


WIND (MPH)
  RESULTANT WIND SPEED   2   RESULTANT WIND DIRECTION  NE (50)
  HIGHEST WIND SPEED    10   HIGHEST WIND DIRECTION    NE (40)
  HIGHEST GUST SPEED    15   HIGHEST GUST DIRECTION    NE (30)
  AVERAGE WIND SPEED     2.5


SKY COVER
  POSSIBLE SUNSHINE  MM
  AVERAGE SKY COVER 0.2


WEATHER CONDITIONS
 THE FOLLOWING WEATHER WAS RECORDED TODAY.
  NO SIGNIFICANT WEATHER WAS OBSERVED.


RELATIVE HUMIDITY (PERCENT)
 HIGHEST    79           300 AM
 LOWEST     50           900 AM
 AVERAGE    65

..........................................................


THE RALEIGH-DURHAM INTL AIRPORT NC CLIMATE NORMALS FOR TOMORROW
                         NORMAL    RECORD    YEAR
 MAXIMUM TEMPERATURE (F)   76        91      1914
 MINIMUM TEMPERATURE (F)   52        35      1973
                                             1967


SUNRISE AND SUNSET
APRIL 28 2015.........SUNRISE   626 AM EDT   SUNSET   759 PM EDT
APRIL 29 2015.........SUNRISE   625 AM EDT   SUNSET   800 PM EDT


-  INDICATES NEGATIVE NUMBERS.
R  INDICATES RECORD WAS SET OR TIED.
MM INDICATES DATA IS MISSING.
T  INDICATES TRACE AMOUNT.

&&

CLIMATE REPORT NWS FORECAST OFFICE
NCSU CENTENNIAL CAMPUS
RALEIGH, NC

MINIMUM TEMPERATURE... 42

PRECIPITATION... 0.00


$$
