000
CDUS43 KGRB 272127
CLIRHI


CLIMATE REPORT
NATIONAL WEATHER SERVICE GREEN BAY
427 PM CDT MON APR 27 2015


...................................

...THE RHINELANDER WI CLIMATE SUMMARY FOR APRIL 27 2015...
VALID TODAY AS OF 0400 PM LOCAL TIME.

CLIMATE NORMAL PERIOD 1981 TO 2010
CLIMATE RECORD PERIOD 1908 TO 2015


WEATHER ITEM   OBSERVED TIME   RECORD YEAR NORMAL DEPARTURE LAST
                VALUE   (LST)  VALUE       VALUE  FROM      YEAR
                                                  NORMAL
..................................................................
TEMPERATURE (F)
 TODAY
  MAXIMUM         62    259 PM  83    1986  59      3       39
                                      1952
  MINIMUM         32    132 AM  19    2012  34     -2       30
  AVERAGE         47                        47      0       35

PRECIPITATION (IN)
  TODAY            0.00          1.30 1921   0.09  -0.09     0.12
  MONTH TO DATE    3.25                      2.27   0.98     3.90
  SINCE MAR 1      4.02                      3.84   0.18     4.66
  SINCE JAN 1      4.91                      5.88  -0.97     7.27

SNOWFALL (IN)
  TODAY            0.0           2.0  2002  MM     MM        0.0
  MONTH TO DATE   13.9                      MM     MM       27.1
  SINCE MAR 1     20.4                      MM     MM       36.7
  SINCE JUL 1     89.3                      MM     MM      109.2
  SNOW DEPTH       0

DEGREE DAYS
 HEATING
  TODAY           18                        18      0       30
  MONTH TO DATE  630                       650    -20      827
  SINCE MAR 1   1760                      1823    -63     2266
  SINCE JUL 1   9101                      8445    656     9895

 COOLING
  TODAY            0                         0      0        0
  MONTH TO DATE    0                         0      0        0
  SINCE MAR 1      0                         0      0        0
  SINCE JAN 1      0                         0      0        0
..................................................................


WIND (MPH)
  HIGHEST WIND SPEED    15   HIGHEST WIND DIRECTION     N (10)
  HIGHEST GUST SPEED    23   HIGHEST GUST DIRECTION     N (340)
  AVERAGE WIND SPEED     7.0


SKY COVER
  POSSIBLE SUNSHINE  MM
  AVERAGE SKY COVER 0.0


WEATHER CONDITIONS
 THE FOLLOWING WEATHER WAS RECORDED TODAY.
  NO SIGNIFICANT WEATHER WAS OBSERVED.


RELATIVE HUMIDITY (PERCENT)
 HIGHEST    75           400 AM
 LOWEST     25           200 PM
 AVERAGE    50

..........................................................


THE RHINELANDER WI CLIMATE NORMALS FOR TOMORROW
                         NORMAL    RECORD    YEAR
 MAXIMUM TEMPERATURE (F)   60        92      1952
 MINIMUM TEMPERATURE (F)   35        17      1909


SUNRISE AND SUNSET
APRIL 27 2015.........SUNRISE   552 AM CDT   SUNSET   759 PM CDT
APRIL 28 2015.........SUNRISE   551 AM CDT   SUNSET   801 PM CDT


-  INDICATES NEGATIVE NUMBERS.
R  INDICATES RECORD WAS SET OR TIED.
MM INDICATES DATA IS MISSING.
T  INDICATES TRACE AMOUNT.




$$
