000
CDUS46 KSGX 271416
CLIRNM


CLIMATE REPORT
NATIONAL WEATHER SERVICE SAN DIEGO, CA
716 AM PDT MON APR 27 2015


...................................

...THE RAMONA AIRPORT CA CLIMATE SUMMARY FOR APRIL 26 2015...

CLIMATE NORMAL PERIOD 1981 TO 2010
CLIMATE RECORD PERIOD 1974 TO 2015


WEATHER ITEM   OBSERVED TIME   RECORD YEAR NORMAL DEPARTURE LAST
                VALUE   (LST)  VALUE       VALUE  FROM      YEAR
                                                  NORMAL
..................................................................
TEMPERATURE (F)
 YESTERDAY
  MAXIMUM         69    251 PM  96    2004  72     -3       60
  MINIMUM         48   1116 PM  32    1974  44      4       45
  AVERAGE         59                        58      1       53

PRECIPITATION (IN)
  YESTERDAY        0.00          0.78 1994   0.05  -0.05     0.51
  MONTH TO DATE    0.49                      1.24  -0.75     0.99
  SINCE OCT 1      7.93                     14.89  -6.96     7.76
  SINCE JAN 1      3.33                     10.75  -7.42     5.09

SNOWFALL (IN)
  YESTERDAY        0.0
  MONTH TO DATE    0.0
  SINCE MAR 1      0.0
  SINCE JUL 1      0.0
  SNOW DEPTH       0

DEGREE DAYS
 HEATING
  YESTERDAY        6                         8     -2       12
  MONTH TO DATE  193                       249    -56      179
  SINCE MAR 1    386                       624   -238      425
  SINCE JUL 1   1570                      2365   -795     1846

 COOLING
  YESTERDAY        0                         0      0        0
  MONTH TO DATE    0                         0      0        3
  SINCE MAR 1      7                         0      7        3
  SINCE JAN 1      9                         1      8        3
..................................................................


WIND (MPH)
  RESULTANT WIND SPEED   3   RESULTANT WIND DIRECTION   W (270)
  HIGHEST WIND SPEED    16   HIGHEST WIND DIRECTION     W (270)
  HIGHEST GUST SPEED    24   HIGHEST GUST DIRECTION    SW (240)
  AVERAGE WIND SPEED     4.6


SKY COVER
  POSSIBLE SUNSHINE  MM
  AVERAGE SKY COVER 0.5


WEATHER CONDITIONS
 THE FOLLOWING WEATHER WAS RECORDED YESTERDAY.
  FOG


RELATIVE HUMIDITY (PERCENT)
 HIGHEST    96           200 AM
 LOWEST     49           100 PM
 AVERAGE    73

..........................................................


THE RAMONA AIRPORT CA CLIMATE NORMALS FOR TODAY
                         NORMAL    RECORD    YEAR
 MAXIMUM TEMPERATURE (F)   72        97      2004
 MINIMUM TEMPERATURE (F)   44        34      1974


SUNRISE AND SUNSET
APRIL 27 2015.........SUNRISE   604 AM PDT   SUNSET   727 PM PDT
APRIL 28 2015.........SUNRISE   603 AM PDT   SUNSET   727 PM PDT


-  INDICATES NEGATIVE NUMBERS.
R  INDICATES RECORD WAS SET OR TIED.
MM INDICATES DATA IS MISSING.
T  INDICATES TRACE AMOUNT.




$$
