000
CDUS45 KCYS 040727
CLIRWL


CLIMATE REPORT
NATIONAL WEATHER SERVICE CHEYENNE WY
127 AM MDT MON MAY 4 2015


...................................

...THE RAWLINS WY AIRPORT CLIMATE SUMMARY FOR MAY 3 2015...

CLIMATE NORMAL PERIOD 1981 TO 2010
CLIMATE RECORD PERIOD 1951 TO 2015


WEATHER ITEM   OBSERVED TIME   RECORD YEAR NORMAL DEPARTURE LAST
                VALUE   (LST)  VALUE       VALUE  FROM      YEAR
                                                  NORMAL
..................................................................
TEMPERATURE (F)
 YESTERDAY
  MAXIMUM         70    227 PM  79    2000  59     11       77
  MINIMUM         41   1159 PM  18    2008  31     10       42
  AVERAGE         56                        45     11       60

PRECIPITATION (IN)
  YESTERDAY        0.07          1.32 1995   0.05   0.02     0.00
  MONTH TO DATE    0.07                      0.13  -0.06     0.00
  SINCE JAN 1      1.83                      2.64  -0.81     1.64

DEGREE DAYS
 HEATING
  YESTERDAY        9                        20    -11        5
  MONTH TO DATE   28                        60    -32       47
  SINCE MAR 1   1545                      1822   -277     1698
  SINCE JUL 1   6776                      7779  -1003     7462

 COOLING
  YESTERDAY        0                         0      0        0
  MONTH TO DATE    0                         0      0        0
  SINCE MAR 1      0                         0      0        0
  SINCE JAN 1      0                         0      0        0
..................................................................


WIND (MPH)
  HIGHEST WIND SPEED    46   HIGHEST WIND DIRECTION     W (250)
  HIGHEST GUST SPEED    58   HIGHEST GUST DIRECTION    SW (240)
  AVERAGE WIND SPEED    11.2


SKY COVER
  AVERAGE SKY COVER 0.7


WEATHER CONDITIONS
 THE FOLLOWING WEATHER WAS RECORDED YESTERDAY.
  THUNDERSTORM
  RAIN
  LIGHT RAIN


RELATIVE HUMIDITY (PERCENT)
 HIGHEST    89          1100 PM
 LOWEST     24          1100 AM
 AVERAGE    57

..........................................................


THE RAWLINS WY AIRPORT CLIMATE NORMALS FOR TODAY
                         NORMAL    RECORD    YEAR
 MAXIMUM TEMPERATURE (F)   60        79      2000
 MINIMUM TEMPERATURE (F)   32        23      2011
                                             2010


SUNRISE AND SUNSET
MAY  4 2015...........SUNRISE   602 AM MDT   SUNSET   810 PM MDT
MAY  5 2015...........SUNRISE   600 AM MDT   SUNSET   811 PM MDT


-  INDICATES NEGATIVE NUMBERS.
R  INDICATES RECORD WAS SET OR TIED.
MM INDICATES DATA IS MISSING.
T  INDICATES TRACE AMOUNT.




$$
