000
CDUS45 KPIH 262321
CLIRXE


CLIMATE REPORT
NATIONAL WEATHER SERVICE POCATELLO ID
521 PM MDT SUN APR 26 2015


...................................

...THE REXBURG ID CLIMATE SUMMARY FOR APRIL 26 2015...
VALID TODAY AS OF 0500 PM LOCAL TIME.

CLIMATE NORMAL PERIOD 1981 TO 2010
CLIMATE RECORD PERIOD 1998 TO 2015


WEATHER ITEM   OBSERVED TIME   RECORD YEAR NORMAL DEPARTURE LAST
                VALUE   (LST)  VALUE       VALUE  FROM      YEAR
                                                  NORMAL
..................................................................
TEMPERATURE (F)
 TODAY
  MAXIMUM         48    346 PM  71    2004  60    -12       42
  MINIMUM         35    948 AM  23    2008  33      2       38
  AVERAGE         42                        46     -4       40

PRECIPITATION (IN)
  TODAY            0.19         MM      MM   0.05   0.14     0.46
  MONTH TO DATE    0.54                      1.26  -0.72     1.34
  SINCE OCT 1      4.57                      7.10  -2.53     6.24
  SINCE JAN 1      1.80                      3.89  -2.09     4.38

SNOWFALL (IN)
  TODAY           MM
  MONTH TO DATE   MM
  SINCE MAR 1     MM
  SINCE JUL 1     MM
  SNOW DEPTH      MM

DEGREE DAYS
 HEATING
  TODAY           23                        19      4       25
  MONTH TO DATE  549                       566    -17      533
  SINCE MAR 1   1285                      1522   -237     1394
  SINCE JUL 1   6369                      7495  -1126     7209

 COOLING
  TODAY            0                         0      0        0
  MONTH TO DATE    0                         0      0        0
  SINCE MAR 1      0                         0      0        0
  SINCE JAN 1      0                         0      0        0
..................................................................


WIND (MPH)
  HIGHEST WIND SPEED    17   HIGHEST WIND DIRECTION     S (200)
  HIGHEST GUST SPEED    20   HIGHEST GUST DIRECTION     S (200)
  AVERAGE WIND SPEED    10.7


SKY COVER
  POSSIBLE SUNSHINE  MM
  AVERAGE SKY COVER 1.0


WEATHER CONDITIONS
 THE FOLLOWING WEATHER WAS RECORDED TODAY.
  LIGHT RAIN
  FOG


RELATIVE HUMIDITY (PERCENT)
 HIGHEST   100           600 AM
 LOWEST     65           400 PM
 AVERAGE    83

..........................................................


THE REXBURG ID CLIMATE NORMALS FOR TOMORROW
                         NORMAL    RECORD    YEAR
 MAXIMUM TEMPERATURE (F)   60        78      2000
 MINIMUM TEMPERATURE (F)   34        22      2008


SUNRISE AND SUNSET
APRIL 26 2015.........SUNRISE   627 AM MDT   SUNSET   824 PM MDT
APRIL 27 2015.........SUNRISE   625 AM MDT   SUNSET   825 PM MDT


-  INDICATES NEGATIVE NUMBERS.
R  INDICATES RECORD WAS SET OR TIED.
MM INDICATES DATA IS MISSING.
T  INDICATES TRACE AMOUNT.




$$
