000
CDUS46 KSGX 070017
CLISAN


CLIMATE REPORT
NATIONAL WEATHER SERVICE SAN DIEGO, CA
517 PM PDT WED MAY 6 2015


...................................

...THE SAN DIEGO/LINDBERGH FIELD CA CLIMATE SUMMARY FOR MAY 6 2015...
VALID TODAY AS OF 0500 PM LOCAL TIME.

CLIMATE NORMAL PERIOD 1981 TO 2010
CLIMATE RECORD PERIOD 1874 TO 2015


WEATHER ITEM   OBSERVED TIME   RECORD YEAR NORMAL DEPARTURE LAST
                VALUE   (LST)  VALUE       VALUE  FROM      YEAR
                                                  NORMAL
..................................................................
TEMPERATURE (F)
 TODAY
  MAXIMUM         67    155 PM  87    1990  68     -1       67
  MINIMUM         61    845 AM  47    1892  59      2       60
  AVERAGE         64                        64      0       64

PRECIPITATION (IN)
  TODAY            0.00          0.42 1857   0.00   0.00      T
  MONTH TO DATE    T                         0.04  -0.04      T
  SINCE OCT 1      6.52                      9.99  -3.47     5.01
  SINCE JAN 1      1.65                      6.88  -5.23     2.82

SNOWFALL (IN)
  TODAY            0.0
  MONTH TO DATE    0.0
  SINCE MAR 1      0.0
  SINCE JUL 1      0.0
  SNOW DEPTH       0

DEGREE DAYS
 HEATING
  TODAY            1                         2     -1        1
  MONTH TO DATE    1                        14    -13        2
  SINCE MAR 1     58                       305   -247       83
  SINCE JUL 1    404                      1163   -759      539

 COOLING
  TODAY            0                         1     -1        0
  MONTH TO DATE    8                         6      2       44
  SINCE MAR 1    155                        25    130      119
  SINCE JAN 1    177                        30    147      128
..................................................................


WIND (MPH)
  RESULTANT WIND SPEED   6   RESULTANT WIND DIRECTION  SW (230)
  HIGHEST WIND SPEED    15   HIGHEST WIND DIRECTION     W (270)
  HIGHEST GUST SPEED    20   HIGHEST GUST DIRECTION    SW (230)
  AVERAGE WIND SPEED     7.7


SKY COVER
  POSSIBLE SUNSHINE  MM
  AVERAGE SKY COVER 0.9


WEATHER CONDITIONS
 THE FOLLOWING WEATHER WAS RECORDED TODAY.
  NO SIGNIFICANT WEATHER WAS OBSERVED.


RELATIVE HUMIDITY (PERCENT)
 HIGHEST    65          1000 AM
 LOWEST     52           600 AM
 AVERAGE    59

..........................................................


THE SAN DIEGO/LINDBERGH FIELD CA CLIMATE NORMALS FOR TOMORROW
                         NORMAL    RECORD    YEAR
 MAXIMUM TEMPERATURE (F)   68        85      1941
 MINIMUM TEMPERATURE (F)   59        49      1964
                                             1933
                                             1880


SUNRISE AND SUNSET
MAY  6 2015...........SUNRISE   557 AM PDT   SUNSET   734 PM PDT
MAY  7 2015...........SUNRISE   556 AM PDT   SUNSET   735 PM PDT


-  INDICATES NEGATIVE NUMBERS.
R  INDICATES RECORD WAS SET OR TIED.
MM INDICATES DATA IS MISSING.
T  INDICATES TRACE AMOUNT.




$$
