000
CDUS44 KEWX 040742
CLISAT


CLIMATE REPORT
NATIONAL WEATHER SERVICE AUSTIN/SAN ANTONIO, TX
242 AM CDT MON MAY 4 2015


...................................

...THE SAN ANTONIO CLIMATE SUMMARY FOR MAY 3 2015...

CLIMATE NORMAL PERIOD 1981 TO 2010
CLIMATE RECORD PERIOD 1886 TO 2015


WEATHER ITEM   OBSERVED TIME   RECORD YEAR NORMAL DEPARTURE LAST
                VALUE   (LST)  VALUE       VALUE  FROM      YEAR
                                                  NORMAL
..................................................................
TEMPERATURE (F)
 YESTERDAY
  MAXIMUM         84    431 PM  98    1984  84      0       92
  MINIMUM         61    605 AM  45    2013  63     -2       57
  AVERAGE         73                        74     -1       75

PRECIPITATION (IN)
  YESTERDAY        0.00          2.63 1991   0.11  -0.11     0.00
  MONTH TO DATE    0.00                      0.32  -0.32     0.00
  SINCE MAR 1     10.51                      4.73   5.78     1.74
  SINCE JAN 1     14.71                      8.28   6.43     2.39

SNOWFALL (IN)
  YESTERDAY        0.0
  MONTH TO DATE    0.0
  SINCE MAR 1      0.0
  SINCE JUL 1      T
  SNOW DEPTH       0

DEGREE DAYS
 HEATING
  YESTERDAY        0                         0      0        0
  MONTH TO DATE    0                         0      0        0
  SINCE MAR 1    179                       193    -14      228
  SINCE JUL 1   1494                      1494      0     1562

 COOLING
  YESTERDAY        8                         9     -1       10
  MONTH TO DATE   16                        26    -10       14
  SINCE MAR 1    287                       259     28      311
  SINCE JAN 1    300                       285     15      376
..................................................................


WIND (MPH)
  HIGHEST WIND SPEED    21   HIGHEST WIND DIRECTION    SE (130)
  HIGHEST GUST SPEED    27   HIGHEST GUST DIRECTION    SE (150)
  AVERAGE WIND SPEED     8.8


SKY COVER
  AVERAGE SKY COVER 0.5


WEATHER CONDITIONS
 THE FOLLOWING WEATHER WAS RECORDED YESTERDAY.
  NO SIGNIFICANT WEATHER WAS OBSERVED.


RELATIVE HUMIDITY (PERCENT)
 HIGHEST    84           200 AM
 LOWEST     40           300 PM
 AVERAGE    62

..........................................................


THE SAN ANTONIO CLIMATE NORMALS FOR TODAY
                         NORMAL    RECORD    YEAR
 MAXIMUM TEMPERATURE (F)   84        99      1984
 MINIMUM TEMPERATURE (F)   64        42      2013


SUNRISE AND SUNSET
MAY  4 2015...........SUNRISE   649 AM CDT   SUNSET   812 PM CDT
MAY  5 2015...........SUNRISE   649 AM CDT   SUNSET   813 PM CDT


-  INDICATES NEGATIVE NUMBERS.
R  INDICATES RECORD WAS SET OR TIED.
MM INDICATES DATA IS MISSING.
T  INDICATES TRACE AMOUNT.




$$
