000
CDUS43 KIWX 210527
CLISBN


CLIMATE REPORT
NATIONAL WEATHER SERVICE NORTHERN INDIANA
127 AM EDT TUE APR 21 2015


...................................

...THE SOUTH BEND CLIMATE SUMMARY FOR APRIL 20 2015...

CLIMATE NORMAL PERIOD 1981 TO 2010
CLIMATE RECORD PERIOD 1893 TO 2015


WEATHER ITEM   OBSERVED TIME   RECORD YEAR NORMAL DEPARTURE LAST
                VALUE   (LST)  VALUE       VALUE  FROM      YEAR
                                                  NORMAL
..................................................................
TEMPERATURE (F)
 YESTERDAY
  MAXIMUM         57    757 AM  83    1987  61     -4       75
  MINIMUM         44   1159 PM  15    1897  40      4       40
  AVERAGE         51                        51      0       58

PRECIPITATION (IN)
  YESTERDAY        T             1.58 1966   0.11  -0.11     0.00
  MONTH TO DATE    2.03                      2.12  -0.09     1.42
  SINCE MAR 1      2.81                      4.54  -1.73     3.11
  SINCE JAN 1      6.71                      8.78  -2.07     9.05

SNOWFALL (IN)
  YESTERDAY        0.0           0.9  1953   0.1   -0.1      0.0
  MONTH TO DATE    0.0                       1.3   -1.3      1.1
  SINCE MAR 1      6.1                       8.4   -2.3     12.9
  SINCE JUL 1     83.9                      66.5   17.4    106.9
  SNOW DEPTH       0

DEGREE DAYS
 HEATING
  YESTERDAY       14                        15     -1        7
  MONTH TO DATE  230                       361   -131      351
  SINCE MAR 1   1172                      1216    -44     1427
  SINCE JUL 1   6269                      5905    364     6610

 COOLING
  YESTERDAY        0                         0      0        0
  MONTH TO DATE    2                         0      2        2
  SINCE MAR 1      2                         1      1        2
  SINCE JAN 1      2                         1      1        2
..................................................................


WIND (MPH)
  HIGHEST WIND SPEED    26   HIGHEST WIND DIRECTION    SW (240)
  HIGHEST GUST SPEED    36   HIGHEST GUST DIRECTION    SW (240)
  AVERAGE WIND SPEED    17.1


SKY COVER
  AVERAGE SKY COVER 1.0


WEATHER CONDITIONS
 THE FOLLOWING WEATHER WAS RECORDED YESTERDAY.
  LIGHT RAIN
  FOG


RELATIVE HUMIDITY (PERCENT)
 HIGHEST    93          1200 AM
 LOWEST     53           900 PM
 AVERAGE    73

..........................................................


THE SOUTH BEND CLIMATE NORMALS FOR TODAY
                         NORMAL    RECORD    YEAR
 MAXIMUM TEMPERATURE (F)   62        84      1985
 MINIMUM TEMPERATURE (F)   41        22      1904


SUNRISE AND SUNSET
APRIL 21 2015.........SUNRISE   656 AM EDT   SUNSET   832 PM EDT
APRIL 22 2015.........SUNRISE   655 AM EDT   SUNSET   833 PM EDT


-  INDICATES NEGATIVE NUMBERS.
R  INDICATES RECORD WAS SET OR TIED.
MM INDICATES DATA IS MISSING.
T  INDICATES TRACE AMOUNT.




$$
