000
CDUS46 KSTO 250847
CLISCK


CLIMATE REPORT
NATIONAL WEATHER SERVICE SACRAMENTO, CA
146 AM PDT SAT APR 25 2015


...................................

...THE STOCKTON AIRPORT CA CLIMATE SUMMARY FOR APRIL 24 2015...

CLIMATE NORMAL PERIOD 1981 TO 2010
CLIMATE RECORD PERIOD 1948 TO 2015


WEATHER ITEM   OBSERVED TIME   RECORD YEAR NORMAL DEPARTURE LAST
                VALUE   (LST)  VALUE       VALUE  FROM      YEAR
                                                  NORMAL
..................................................................
TEMPERATURE (F)
 YESTERDAY
  MAXIMUM         73    254 PM  90    1966  75     -2       75
  MINIMUM         54   1159 PM  32    1964  47      7       50
  AVERAGE         64

PRECIPITATION (IN)
  YESTERDAY        0.16          0.25 1978   0.02   0.14     0.01
  MONTH TO DATE    0.75                      0.83  -0.08     0.41
  SINCE OCT 1     10.22                     13.00  -2.78     6.81
  SINCE JAN 1      2.38                      8.27  -5.89     5.38

SNOWFALL (IN)
  YESTERDAY        0.0          MM      MM
  MONTH TO DATE    0.0
  SINCE MAR 1      0.0
  SINCE JUL 1      0.0
  SNOW DEPTH       0

DEGREE DAYS
 HEATING
  YESTERDAY        1                         5     -4        2
  MONTH TO DATE  105                       164    -59       85
  SINCE MAR 1    229                       488   -259      284
  SINCE JUL 1   1668                      2550   -882     2117

 COOLING
  YESTERDAY        0                         1     -1        0
  MONTH TO DATE   11                         7      4       19
  SINCE MAR 1     28                         7     21       19
  SINCE JAN 1     28                         7     21       19
..................................................................


WIND (MPH)
  RESULTANT WIND SPEED  17   RESULTANT WIND DIRECTION   W (260)
  HIGHEST WIND SPEED    24   HIGHEST WIND DIRECTION     W (260)
  HIGHEST GUST SPEED    30   HIGHEST GUST DIRECTION     W (250)


SKY COVER
  POSSIBLE SUNSHINE  MM
  AVERAGE SKY COVER 0.2


WEATHER CONDITIONS
 THE FOLLOWING WEATHER WAS RECORDED YESTERDAY.
  RAIN
  LIGHT RAIN
  FOG


RELATIVE HUMIDITY (PERCENT)
 HIGHEST    77           300 AM
 LOWEST     25           200 PM
 AVERAGE    51

..........................................................


THE STOCKTON AIRPORT CA CLIMATE NORMALS FOR TODAY
                         NORMAL    RECORD    YEAR
 MAXIMUM TEMPERATURE (F)   75        92      2004
 MINIMUM TEMPERATURE (F)   48        38      1983
                                             1971
                                             1964


SUNRISE AND SUNSET
APRIL 25 2015.........SUNRISE   617 AM PDT   SUNSET   750 PM PDT
APRIL 26 2015.........SUNRISE   615 AM PDT   SUNSET   751 PM PDT


-  INDICATES NEGATIVE NUMBERS.
R  INDICATES RECORD WAS SET OR TIED.
MM INDICATES DATA IS MISSING.
T  INDICATES TRACE AMOUNT.




$$
