000
CDUS46 KMTR 060826
CLISFD


CLIMATE REPORT
NATIONAL WEATHER SERVICE SAN FRANCISCO BAY AREA
126 AM PDT WED MAY 6 2015


...................................

...THE SAN FRANCISCO DWTN CA CLIMATE SUMMARY FOR MAY 5 2015...

CLIMATE NORMAL PERIOD 1981 TO 2010
CLIMATE RECORD PERIOD 1850 TO 2015


WEATHER ITEM   OBSERVED TIME   RECORD YEAR NORMAL DEPARTURE LAST
                VALUE   (LST)  VALUE       VALUE  FROM      YEAR
                                                  NORMAL
..................................................................
TEMPERATURE (F)
 YESTERDAY
  MAXIMUM         61    143 PM  93    1987  64     -3       62
  MINIMUM         50   1143 PM  46    1952  50      0       53
  AVERAGE         56                        57     -1       58

PRECIPITATION (IN)
  YESTERDAY        0.00          1.29 1889   0.03  -0.03     0.00
  MONTH TO DATE    0.00                      0.16  -0.16     0.00
  SINCE OCT 1     17.34                     22.68  -5.34    12.07
  SINCE JAN 1      2.89                     13.84 -10.95    10.42

DEGREE DAYS
 HEATING
  YESTERDAY        9                        MM     MM        7
  MONTH TO DATE   42                        MM     MM       26
  SINCE MAR 1    439                        MM     MM      447
  SINCE JUL 1   1513                        MM     MM     2110

 COOLING
  YESTERDAY        0                        MM     MM        0
  MONTH TO DATE    0                         0      0        8
  SINCE MAR 1     14                         0     14       25
  SINCE JAN 1     14                         0     14       25
..................................................................







THE SAN FRANCISCO DWTN CA CLIMATE NORMALS FOR TODAY
                         NORMAL    RECORD    YEAR
 MAXIMUM TEMPERATURE (F)   64        88      1987
 MINIMUM TEMPERATURE (F)   50        44      1964


SUNRISE AND SUNSET
MAY  6 2015...........SUNRISE   609 AM PDT   SUNSET   805 PM PDT
MAY  7 2015...........SUNRISE   608 AM PDT   SUNSET   805 PM PDT


-  INDICATES NEGATIVE NUMBERS.
R  INDICATES RECORD WAS SET OR TIED.
MM INDICATES DATA IS MISSING.
T  INDICATES TRACE AMOUNT.




$$
