000
CDUS44 KSHV 030733
CLISHV


CLIMATE REPORT
NATIONAL WEATHER SERVICE SHREVEPORT, LA
233 AM CDT SUN MAY 3 2015


...................................

...THE SHREVEPORT CLIMATE SUMMARY FOR MAY 2 2015...

CLIMATE NORMAL PERIOD 1981 TO 2010
CLIMATE RECORD PERIOD 1874 TO 2015


WEATHER ITEM   OBSERVED TIME   RECORD YEAR NORMAL DEPARTURE LAST
                VALUE   (LST)  VALUE       VALUE  FROM      YEAR
                                                  NORMAL
..................................................................
TEMPERATURE (F)
 YESTERDAY
  MAXIMUM         83    333 PM  94    1943  81      2       80
  MINIMUM         57    547 AM  44    1918  59     -2       47
  AVERAGE         70                        70      0       64

PRECIPITATION (IN)
  YESTERDAY        0.00          2.46 1944   0.16  -0.16     0.00
  MONTH TO DATE    0.00                      0.32  -0.32     0.00
  SINCE DEC 1     28.95                     22.37   6.58    16.53
  SINCE JAN 1     25.20                     17.60   7.60    11.55

SNOWFALL (IN)
  YESTERDAY        0.0
  MONTH TO DATE    0.0
  SINCE MAR 1      0.4
  SINCE JUL 1      4.5
  SNOW DEPTH       0

DEGREE DAYS
 HEATING
  YESTERDAY        0                         1     -1        1
  MONTH TO DATE    0                         2     -2        9
  SINCE MAR 1    291                       339    -48      441
  SINCE JUL 1   2291                      2221     70     2552

 COOLING
  YESTERDAY        5                         5      0        0
  MONTH TO DATE    9                        10     -1        0
  SINCE MAR 1    176                       135     41      115
  SINCE JAN 1    176                       145     31      121
..................................................................


WIND (MPH)
  HIGHEST WIND SPEED    12   HIGHEST WIND DIRECTION    SE (150)
  HIGHEST GUST SPEED    16   HIGHEST GUST DIRECTION    SE (150)
  AVERAGE WIND SPEED     4.5


SKY COVER
  POSSIBLE SUNSHINE  MM
  AVERAGE SKY COVER 0.3


WEATHER CONDITIONS
 THE FOLLOWING WEATHER WAS RECORDED YESTERDAY.
  NO SIGNIFICANT WEATHER WAS OBSERVED.


RELATIVE HUMIDITY (PERCENT)
 HIGHEST    72          1200 AM
 LOWEST     34           300 PM
 AVERAGE    53

..........................................................


THE SHREVEPORT CLIMATE NORMALS FOR TODAY
                         NORMAL    RECORD    YEAR
 MAXIMUM TEMPERATURE (F)   81        92      1943
 MINIMUM TEMPERATURE (F)   59        41      2013


SUNRISE AND SUNSET
MAY  3 2015...........SUNRISE   627 AM CDT   SUNSET   758 PM CDT
MAY  4 2015...........SUNRISE   626 AM CDT   SUNSET   759 PM CDT


-  INDICATES NEGATIVE NUMBERS.
R  INDICATES RECORD WAS SET OR TIED.
MM INDICATES DATA IS MISSING.
T  INDICATES TRACE AMOUNT.




$$
