000
CDUS46 KPQR 061144
CLISLE


CLIMATE REPORT
NATIONAL WEATHER SERVICE PORTLAND OREGON
443 AM PDT WED MAY 6 2015


...................................

...THE SALEM OR CLIMATE SUMMARY FOR MAY 5 2015...

CLIMATE NORMAL PERIOD 1981 TO 2010
CLIMATE RECORD PERIOD 1892 TO 2015


WEATHER ITEM   OBSERVED TIME   RECORD YEAR NORMAL DEPARTURE LAST
                VALUE   (LST)  VALUE       VALUE  FROM      YEAR
                                                  NORMAL
..................................................................
TEMPERATURE (F)
 YESTERDAY
  MAXIMUM         63    238 PM  87    2013  65     -2       64
                                      1992
                                      1953
  MINIMUM         46    157 AM  32    1985  42      4       47
  AVERAGE         55                        54      1       56

PRECIPITATION (IN)
  YESTERDAY        0.01          1.47 1963   0.07  -0.06     0.05
  MONTH TO DATE    0.01                      0.36  -0.35     0.43
  SINCE OCT 1     31.43                     34.07  -2.64    24.31
  SINCE JAN 1     13.89                     17.68  -3.79    19.73

DEGREE DAYS
 HEATING
  YESTERDAY       10                        11     -1        9
  MONTH TO DATE   41                        58    -17       32
  SINCE MAR 1    868                      1061   -193      873
  SINCE JUL 1   3338                      4301   -963     4159

 COOLING
  YESTERDAY        0                         0      0        0
  MONTH TO DATE    0                         0      0        4
  SINCE MAR 1      0                         0      0        5
  SINCE JAN 1      0                         0      0        5
..................................................................


WIND (MPH)
  HIGHEST WIND SPEED    20   HIGHEST WIND DIRECTION    NW (310)
  HIGHEST GUST SPEED    25   HIGHEST GUST DIRECTION    NW (320)
  AVERAGE WIND SPEED     7.9


SKY COVER
  POSSIBLE SUNSHINE  MM
  AVERAGE SKY COVER 0.4


WEATHER CONDITIONS
 THE FOLLOWING WEATHER WAS RECORDED YESTERDAY.
  LIGHT RAIN


RELATIVE HUMIDITY (PERCENT)
 HIGHEST    82           100 AM
 LOWEST     40           600 PM
 AVERAGE    61

..........................................................


THE SALEM OR CLIMATE NORMALS FOR TODAY
                         NORMAL    RECORD    YEAR
 MAXIMUM TEMPERATURE (F)   66        90      1987
 MINIMUM TEMPERATURE (F)   43        30      1984


SUNRISE AND SUNSET
MAY  6 2015...........SUNRISE   555 AM PDT   SUNSET   823 PM PDT
MAY  7 2015...........SUNRISE   553 AM PDT   SUNSET   825 PM PDT


-  INDICATES NEGATIVE NUMBERS.
R  INDICATES RECORD WAS SET OR TIED.
MM INDICATES DATA IS MISSING.
T  INDICATES TRACE AMOUNT.




$$
