000
CDUS46 KLOX 030900
CLISMX


CLIMATE REPORT
NATIONAL WEATHER SERVICE LOS ANGELES/OXNARD CA
200 AM PDT SUN MAY 3 2015


...................................

...THE SANTA MARIA AIRPORT CA CLIMATE SUMMARY FOR MAY 2 2015...

CLIMATE NORMAL PERIOD 1981 TO 2010
CLIMATE RECORD PERIOD 1906 TO 2015


WEATHER ITEM   OBSERVED TIME   RECORD YEAR NORMAL DEPARTURE LAST
                VALUE   (LST)  VALUE       VALUE  FROM      YEAR
                                                  NORMAL
..................................................................
TEMPERATURE (F)
 YESTERDAY
  MAXIMUM         70    126 PM  98    2014  68      2       98
  MINIMUM         50   1148 PM  31    1964  46      4       55
  AVERAGE         60                        57      3       77

PRECIPITATION (IN)
  YESTERDAY        0.00          0.62 2003   0.02  -0.02     0.00
  MONTH TO DATE    0.00                      0.04  -0.04     0.00
  SINCE OCT 1      7.37                     13.45  -6.08     4.49
  SINCE JAN 1      1.81                      9.40  -7.59     4.00

SNOWFALL (IN)
  YESTERDAY        0.0
  MONTH TO DATE    0.0
  SINCE MAR 1      0.0
  SINCE JUL 1      0.0

DEGREE DAYS
 HEATING
  YESTERDAY        5                         8     -3
  MONTH TO DATE    9                        16     -7
  SINCE MAR 1    315                       642   -327
  SINCE JUL 1   1002                      2475  -1473

 COOLING
  YESTERDAY        0                         0      0
  MONTH TO DATE    0                         0      0
  SINCE MAR 1     28                         5     23
  SINCE JAN 1     28                         6     22
..................................................................


WIND (MPH)
  HIGHEST WIND SPEED    15   HIGHEST WIND DIRECTION    NW (320)
  HIGHEST GUST SPEED    20   HIGHEST GUST DIRECTION    NW (310)
  AVERAGE WIND SPEED     5.9


SKY COVER
  POSSIBLE SUNSHINE  MM
  AVERAGE SKY COVER 0.4


WEATHER CONDITIONS
 THE FOLLOWING WEATHER WAS RECORDED YESTERDAY.
  FOG
  HAZE


RELATIVE HUMIDITY (PERCENT)
 HIGHEST    89           300 AM
 LOWEST     49          1200 PM
 AVERAGE    69

..........................................................


THE SANTA MARIA AIRPORT CA CLIMATE NORMALS FOR TODAY
                         NORMAL    RECORD    YEAR
 MAXIMUM TEMPERATURE (F)   68        94      2013
 MINIMUM TEMPERATURE (F)   46        34      1920


SUNRISE AND SUNSET
MAY  3 2015...........SUNRISE   609 AM PDT   SUNSET   749 PM PDT
MAY  4 2015...........SUNRISE   608 AM PDT   SUNSET   749 PM PDT


-  INDICATES NEGATIVE NUMBERS.
R  INDICATES RECORD WAS SET OR TIED.
MM INDICATES DATA IS MISSING.
T  INDICATES TRACE AMOUNT.




$$
