000
CDUS42 KTBW 270828
CLITPA


CLIMATE REPORT
NATIONAL WEATHER SERVICE TAMPA BAY FL
426 AM EDT MON APR 27 2015


...................................

...THE TAMPA CLIMATE SUMMARY FOR APRIL 26 2015...

CLIMATE NORMAL PERIOD 1981 TO 2010
CLIMATE RECORD PERIOD 1890 TO 2015


WEATHER ITEM   OBSERVED TIME   RECORD YEAR NORMAL DEPARTURE LAST
                VALUE   (LST)  VALUE       VALUE  FROM      YEAR
                                                  NORMAL
..................................................................
TEMPERATURE (F)
 YESTERDAY
  MAXIMUM         86    414 PM  92    1991  83      3       84
                                      1964
  MINIMUM         79    628 AM  50    1983  65     14       67
                                      1974
                                      1910
  AVERAGE         83                        74      9       76

PRECIPITATION (IN)
  YESTERDAY        0.00          5.44 1997   0.06  -0.06     0.00
  MONTH TO DATE    3.87                      1.81   2.06     0.89
  SINCE MAR 1      4.90                      4.84   0.06     5.84
  SINCE JAN 1     13.20                      9.88   3.32    10.79

DEGREE DAYS
 HEATING
  YESTERDAY        0                         0      0        0
  MONTH TO DATE    0                         9     -9        0
  SINCE MAR 1     12                        65    -53       48
  SINCE JUL 1    467                       536    -69      444

 COOLING
  YESTERDAY       18                         9      9       11
  MONTH TO DATE  351                       182    169      172
  SINCE MAR 1    617                       308    309      250
  SINCE JAN 1    684                       421    263      354
..................................................................


WIND (MPH)
  RESULTANT WIND SPEED  13   RESULTANT WIND DIRECTION  SW (240)
  HIGHEST WIND SPEED    20   HIGHEST WIND DIRECTION     W (260)
  HIGHEST GUST SPEED    26   HIGHEST GUST DIRECTION    SW (220)
  AVERAGE WIND SPEED    13.7


SKY COVER
  POSSIBLE SUNSHINE  MM
  AVERAGE SKY COVER 0.6


WEATHER CONDITIONS
 THE FOLLOWING WEATHER WAS RECORDED YESTERDAY.
  NO SIGNIFICANT WEATHER WAS OBSERVED.


RELATIVE HUMIDITY (PERCENT)
 HIGHEST    85          1200 AM
 LOWEST     65           400 PM
 AVERAGE    75

..........................................................


THE TAMPA CLIMATE NORMALS FOR TODAY
                         NORMAL    RECORD    YEAR
 MAXIMUM TEMPERATURE (F)   83        92      1975
 MINIMUM TEMPERATURE (F)   65        49      1977


SUNRISE AND SUNSET
APRIL 27 2015.........SUNRISE   654 AM EDT   SUNSET   802 PM EDT
APRIL 28 2015.........SUNRISE   653 AM EDT   SUNSET   803 PM EDT


-  INDICATES NEGATIVE NUMBERS.
R  INDICATES RECORD WAS SET OR TIED.
MM INDICATES DATA IS MISSING.
T  INDICATES TRACE AMOUNT.




$$


&&
------------------------------------------------------------------
******************** SUPPLEMENTAL DATA ***************************

...RUSKIN                HIGH 86    LOW 75    PCPN 0.00
...SARASOTA/BRADENTON    HIGH 86    LOW 79    PCPN 0.00
...ST. PETERSBURG        HIGH 84    LOW 80    PCPN T
...GULF WATER TEMPERATURE AT CLEARWATER BEACH 84
