000
CDUS45 KLKN 190931
CLITPH


CLIMATE REPORT
NATIONAL WEATHER SERVICE ELKO NV
228 AM PDT SUN APR 19 2015


...................................

...THE TONOPAH AIRPORT NV CLIMATE SUMMARY FOR APRIL 18 2015...

CLIMATE NORMAL PERIOD 1981 TO 2010
CLIMATE RECORD PERIOD 1954 TO 2015


WEATHER ITEM   OBSERVED TIME   RECORD YEAR NORMAL DEPARTURE LAST
                VALUE   (LST)  VALUE       VALUE  FROM      YEAR
                                                  NORMAL
..................................................................
TEMPERATURE (F)
 YESTERDAY
  MAXIMUM         75    309 PM  84    1989  65     10       71
  MINIMUM         38    517 AM  21    2013  35      3       48
                                      2002
  AVERAGE         57                        50      7       60

PRECIPITATION (IN)
  YESTERDAY        0.00          0.30 1983   0.01  -0.01      T
  MONTH TO DATE    T                         0.26  -0.26     0.01
  SINCE OCT 1      0.92                      2.93  -2.01     1.16
  SINCE JAN 1      0.44                      1.84  -1.40     0.70

DEGREE DAYS
 HEATING
  YESTERDAY        8                        15     -7        5
  MONTH TO DATE  314                       310      4      237
  SINCE MAR 1    767                       995   -228      851
  SINCE JUL 1   3889                      5037  -1148     4624

 COOLING
  YESTERDAY        0                         0      0        0
  MONTH TO DATE    0                         0      0        0
  SINCE MAR 1      0                         0      0        0
  SINCE JAN 1      0                         0      0        0
..................................................................


WIND (MPH)
  HIGHEST WIND SPEED    22   HIGHEST WIND DIRECTION     N (10)
  HIGHEST GUST SPEED    29   HIGHEST GUST DIRECTION    NW (330)
  AVERAGE WIND SPEED    10.3



WEATHER CONDITIONS
 THE FOLLOWING WEATHER WAS RECORDED YESTERDAY.
  NO SIGNIFICANT WEATHER WAS OBSERVED.


RELATIVE HUMIDITY (PERCENT)
 HIGHEST    27           500 AM
 LOWEST      7           200 PM
 AVERAGE    17

..........................................................


THE TONOPAH AIRPORT NV CLIMATE NORMALS FOR TODAY
                         NORMAL    RECORD    YEAR
 MAXIMUM TEMPERATURE (F)   65        84      1989
 MINIMUM TEMPERATURE (F)   35        18      2007


SUNRISE AND SUNSET
APRIL 19 2015.........SUNRISE   608 AM PDT   SUNSET   728 PM PDT
APRIL 20 2015.........SUNRISE   606 AM PDT   SUNSET   729 PM PDT


-  INDICATES NEGATIVE NUMBERS.
R  INDICATES RECORD WAS SET OR TIED.
MM INDICATES DATA IS MISSING.
T  INDICATES TRACE AMOUNT.




$$
