000
CDUS46 KSGX 032317
CLITRM


CLIMATE REPORT
NATIONAL WEATHER SERVICE SAN DIEGO, CA
417 PM PDT SUN MAY 3 2015


...................................

...THE THERMAL AIRPORT CA CLIMATE SUMMARY FOR MAY 3 2015...
VALID TODAY AS OF 0400 PM LOCAL TIME.

CLIMATE NORMAL PERIOD 1981 TO 2010
CLIMATE RECORD PERIOD 1950 TO 2015


WEATHER ITEM   OBSERVED TIME   RECORD YEAR NORMAL DEPARTURE LAST
                VALUE   (LST)  VALUE       VALUE  FROM      YEAR
                                                  NORMAL
..................................................................
TEMPERATURE (F)
 TODAY
  MAXIMUM         94    112 PM 104    2004  92      2      103
  MINIMUM         63    529 AM  45    2011  59      4       53
  AVERAGE         79                        75      4       78

PRECIPITATION (IN)
  TODAY            0.00          0.00 2002   0.00   0.00     0.00
                                      2000
  MONTH TO DATE    0.00                      0.00   0.00     0.00
  SINCE OCT 1      0.77                      2.58  -1.81     0.16
  SINCE JAN 1      0.62                      1.77  -1.15     0.08

SNOWFALL (IN)
  TODAY            0.0
  MONTH TO DATE    0.0
  SINCE MAR 1      0.0
  SINCE JUL 1      0.0
  SNOW DEPTH      MM

DEGREE DAYS
 HEATING
  TODAY            0                         0      0        0
  MONTH TO DATE    0                         0      0        0
  SINCE MAR 1     44                       115    -71       32
  SINCE JUL 1    749                      1180   -431      821

 COOLING
  TODAY           14                        10      4       13
  MONTH TO DATE   61                        30     31       37
  SINCE MAR 1    456                       274    182      389
  SINCE JAN 1    478                       286    192      399
..................................................................


WIND (MPH)
  RESULTANT WIND SPEED   2   RESULTANT WIND DIRECTION  SE (130)
  HIGHEST WIND SPEED    15   HIGHEST WIND DIRECTION    SE (140)
  HIGHEST GUST SPEED    20   HIGHEST GUST DIRECTION    SE (140)
  AVERAGE WIND SPEED     6.6


SKY COVER
  POSSIBLE SUNSHINE  MM
  AVERAGE SKY COVER 0.0


WEATHER CONDITIONS
 THE FOLLOWING WEATHER WAS RECORDED TODAY.
  NO SIGNIFICANT WEATHER WAS OBSERVED.


RELATIVE HUMIDITY (PERCENT)
 HIGHEST    39           600 AM
 LOWEST     21          1200 PM
 AVERAGE    30

..........................................................


THE THERMAL AIRPORT CA CLIMATE NORMALS FOR TOMORROW
                         NORMAL    RECORD    YEAR
 MAXIMUM TEMPERATURE (F)   92       103      1990
 MINIMUM TEMPERATURE (F)   59        48      1964


SUNRISE AND SUNSET
MAY  3 2015...........SUNRISE   554 AM PDT   SUNSET   729 PM PDT
MAY  4 2015...........SUNRISE   553 AM PDT   SUNSET   730 PM PDT


-  INDICATES NEGATIVE NUMBERS.
R  INDICATES RECORD WAS SET OR TIED.
MM INDICATES DATA IS MISSING.
T  INDICATES TRACE AMOUNT.




$$
