000
CDUS45 KTWC 020028
CLITUS

CLIMATE REPORT
NATIONAL WEATHER SERVICE TUCSON AZ
527 PM MST WED APR 1 2015


...................................

...THE TUCSON AZ CLIMATE SUMMARY FOR APRIL 1 2015...
VALID TODAY AS OF 0500 PM LOCAL TIME.

CLIMATE NORMAL PERIOD 1981 TO 2010
CLIMATE RECORD PERIOD 1895 TO 2015


WEATHER ITEM   OBSERVED TIME   RECORD YEAR NORMAL DEPARTURE LAST
                VALUE   (LST)  VALUE       VALUE  FROM      YEAR
                                                  NORMAL
..................................................................
TEMPERATURE (F)
 TODAY
  MAXIMUM         89    146 PM  95    2011  78     11       83
  MINIMUM         61    637 AM  31    1938  49     12       48
  AVERAGE         75                        63     12       66

PRECIPITATION (IN)
  TODAY            0.00          1.17 1999   0.02  -0.02     0.00
  MONTH TO DATE    0.00                      0.02  -0.02     0.00
  SINCE OCT 1      6.95                      4.94   2.01     3.64
  SINCE JAN 1      3.45                      2.55   0.90     0.59

DEGREE DAYS
 HEATING
  TODAY            0                         4     -4        0
  MONTH TO DATE    0                         4     -4        0
  SINCE MAR 1     47                       183   -136       42
  SINCE JUL 1    889                      1450   -561      875

 COOLING
  TODAY           10                         2      8        1
  MONTH TO DATE   10                         2      8        1
  SINCE MAR 1    103                        31     72       31
  SINCE JAN 1    111                        35     76       55
..................................................................


WIND (MPH)
  HIGHEST WIND SPEED    23   HIGHEST WIND DIRECTION    SW (240)
  HIGHEST GUST SPEED    31   HIGHEST GUST DIRECTION     W (250)
  AVERAGE WIND SPEED    12.5


SKY COVER
  POSSIBLE SUNSHINE  MM
  AVERAGE SKY COVER 0.0


WEATHER CONDITIONS
 THE FOLLOWING WEATHER WAS RECORDED TODAY.
  NO SIGNIFICANT WEATHER WAS OBSERVED.


RELATIVE HUMIDITY (PERCENT)
 HIGHEST    52
 LOWEST      7
 AVERAGE    30

..........................................................


THE TUCSON AZ CLIMATE NORMALS FOR TOMORROW
                         NORMAL    RECORD    YEAR
 MAXIMUM TEMPERATURE (F)   78        95      2011
 MINIMUM TEMPERATURE (F)   49        28      1917


SUNRISE AND SUNSET
APRIL  1 2015.........SUNRISE   612 AM MST   SUNSET   643 PM MST
APRIL  2 2015.........SUNRISE   611 AM MST   SUNSET   644 PM MST


-  INDICATES NEGATIVE NUMBERS.
R  INDICATES RECORD WAS SET OR TIED.
MM INDICATES DATA IS MISSING.
T  INDICATES TRACE AMOUNT.




$$
