000
CDUS46 KEKA 031210
CLIUKI


CLIMATE REPORT
NATIONAL WEATHER SERVICE EUREKA CA
509 AM PDT SUN MAY 3 2015


...................................

...THE UKIAH CA CLIMATE SUMMARY FOR MAY 2 2015...

CLIMATE NORMAL PERIOD 1981 TO 2010
CLIMATE RECORD PERIOD 1903 TO 2015


WEATHER ITEM   OBSERVED TIME   RECORD YEAR NORMAL DEPARTURE LAST
                VALUE   (LST)  VALUE       VALUE  FROM      YEAR
                                                  NORMAL
..................................................................
TEMPERATURE (F)
 YESTERDAY
  MAXIMUM         87    316 PM  92    2013  74     13       87
                                      1966
  MINIMUM         47    615 AM  32    1913  45      2       46
  AVERAGE         67                        59      8       67

PRECIPITATION (IN)
  YESTERDAY        0.00          1.01 1957   0.07  -0.07     0.00
  MONTH TO DATE    0.00                      0.14  -0.14     0.00
  SINCE OCT 1     25.44                     35.14  -9.70    17.97
  SINCE JAN 1      7.67                     21.76 -14.09    16.63

SNOWFALL (IN)
  YESTERDAY        0.0          MM      MM  MM     MM        0.0
  MONTH TO DATE    0.0                      MM     MM        0.0
  SINCE MAR 1      0.0                      MM     MM        0.0
  SINCE JUL 1      0.0                      MM     MM        0.0
  SNOW DEPTH       0

DEGREE DAYS
 HEATING
  YESTERDAY        0                         6     -6        0
  MONTH TO DATE    0                        13    -13        0
  SINCE MAR 1    403                       726   -323      468
  SINCE JUL 1   1917                      2959  -1042     2475

 COOLING
  YESTERDAY        2                         1      1        2
  MONTH TO DATE    6                         2      4        6
  SINCE MAR 1     20                        10     10       18
  SINCE JAN 1     20                        10     10       18
..................................................................


WIND (MPH)
  HIGHEST WIND SPEED    13   HIGHEST WIND DIRECTION     W (270)
  HIGHEST GUST SPEED    18   HIGHEST GUST DIRECTION     W (290)
  AVERAGE WIND SPEED     4.0


SKY COVER
  AVERAGE SKY COVER 0.0


WEATHER CONDITIONS
 THE FOLLOWING WEATHER WAS RECORDED YESTERDAY.
  NO SIGNIFICANT WEATHER WAS OBSERVED.


RELATIVE HUMIDITY (PERCENT)
 HIGHEST    86
 LOWEST     18
 AVERAGE    52

..........................................................


THE UKIAH CA CLIMATE NORMALS FOR TODAY
                         NORMAL    RECORD    YEAR
 MAXIMUM TEMPERATURE (F)   74        95      2013
 MINIMUM TEMPERATURE (F)   45        32      1965


SUNRISE AND SUNSET
MAY  3 2015...........SUNRISE   612 AM PDT   SUNSET   808 PM PDT
MAY  4 2015...........SUNRISE   611 AM PDT   SUNSET   809 PM PDT


-  INDICATES NEGATIVE NUMBERS.
R  INDICATES RECORD WAS SET OR TIED.
MM INDICATES DATA IS MISSING.
T  INDICATES TRACE AMOUNT.




$$
