000
CDUS43 KSGF 060631
CLIUNO


CLIMATE REPORT
NATIONAL WEATHER SERVICE SPRINGFIELD MO
131 AM CDT WED MAY 6 2015


...................................

...THE WEST PLAINS MO CLIMATE SUMMARY FOR MAY 5 2015...

CLIMATE NORMAL PERIOD 1981 TO 2010
CLIMATE RECORD PERIOD 1947 TO 2015


WEATHER ITEM   OBSERVED TIME   RECORD YEAR NORMAL DEPARTURE LAST
                VALUE   (LST)  VALUE       VALUE  FROM      YEAR
                                                  NORMAL
..................................................................
TEMPERATURE (F)
 YESTERDAY
  MAXIMUM         80    347 PM  91    1952  74      6       88
  MINIMUM         52    527 AM  34    2005  51      1       61
  AVERAGE         66                        63      3       75

PRECIPITATION (IN)
  YESTERDAY        T             1.30 1961   0.22  -0.22     0.00
  MONTH TO DATE    T                         1.05  -1.05     0.00
  SINCE MAR 1      5.36                      9.82  -4.46     7.32
  SINCE JAN 1     10.04                     15.38  -5.34     9.17

DEGREE DAYS
 HEATING
  YESTERDAY        0                         4     -4        0
  MONTH TO DATE   19                        21     -2       32
  SINCE MAR 1    787                       819    -32      986
  SINCE JUL 1   4584                      4283    301     4784

 COOLING
  YESTERDAY        1                         2     -1       10
  MONTH TO DATE   10                         6      4       14
  SINCE MAR 1     26                        34     -8       23
  SINCE JAN 1     26                        34     -8       23
..................................................................


WIND (MPH)
  HIGHEST WIND SPEED    17   HIGHEST WIND DIRECTION     S (180)
  HIGHEST GUST SPEED    23   HIGHEST GUST DIRECTION     S (190)
  AVERAGE WIND SPEED     6.1


SKY COVER
  AVERAGE SKY COVER 0.2


WEATHER CONDITIONS
 THE FOLLOWING WEATHER WAS RECORDED YESTERDAY.
  LIGHT RAIN
  FOG
  HAZE


RELATIVE HUMIDITY (PERCENT)
 HIGHEST    93           400 AM
 LOWEST     40           600 PM
 AVERAGE    67

..........................................................


THE WEST PLAINS MO CLIMATE NORMALS FOR TODAY
                         NORMAL    RECORD    YEAR
 MAXIMUM TEMPERATURE (F)   75        89      1949
 MINIMUM TEMPERATURE (F)   51        37      1957
                                             1991
                                             1992


SUNRISE AND SUNSET
MAY  6 2015...........SUNRISE   608 AM CDT   SUNSET   801 PM CDT
MAY  7 2015...........SUNRISE   607 AM CDT   SUNSET   802 PM CDT


-  INDICATES NEGATIVE NUMBERS.
R  INDICATES RECORD WAS SET OR TIED.
MM INDICATES DATA IS MISSING.
T  INDICATES TRACE AMOUNT.




$$
