000
CDUS43 KLOT 030643
CLIVPZ


CLIMATE REPORT
NATIONAL WEATHER SERVICE CHICAGO IL
142 AM CDT SUN MAY 3 2015


...................................

...THE VALPARAISO CLIMATE SUMMARY FOR MAY 2 2015...

CLIMATE NORMAL PERIOD 1981 TO 2010
CLIMATE RECORD PERIOD 1998 TO 2015


WEATHER ITEM   OBSERVED TIME   RECORD YEAR NORMAL DEPARTURE LAST
                VALUE   (LST)  VALUE       VALUE  FROM      YEAR
                                                  NORMAL
..................................................................
TEMPERATURE (F)
 YESTERDAY
  MAXIMUM         76    416 PM  83    2001  66     10       52
  MINIMUM         49    525 AM  34    2005  44      5       44
  AVERAGE         63                        55      8       48

PRECIPITATION (IN)
  YESTERDAY        0.00          0.33 2010   0.14  -0.14     0.03
  MONTH TO DATE    0.00                      0.28  -0.28     0.10
  SINCE MAR 1      2.77                      6.29  -3.52     3.09
  SINCE JAN 1      4.38                      9.46  -5.08     5.72

DEGREE DAYS
 HEATING
  YESTERDAY        2                        10     -8       17
  MONTH TO DATE   15                        21     -6       37
  SINCE MAR 1   1425                      1348     77     1555
  SINCE JUL 1   6683                      6080    603     7004

 COOLING
  YESTERDAY        0                         0      0        0
  MONTH TO DATE    0                         0      0        0
  SINCE MAR 1      0                         5     -5        0
  SINCE JAN 1      0                         5     -5        0
..................................................................


WIND (MPH)
  RESULTANT WIND SPEED   6   RESULTANT WIND DIRECTION  SW (230)
  HIGHEST WIND SPEED    17   HIGHEST WIND DIRECTION    SW (240)
  HIGHEST GUST SPEED    22   HIGHEST GUST DIRECTION     W (260)
  AVERAGE WIND SPEED     6.7



WEATHER CONDITIONS
 THE FOLLOWING WEATHER WAS RECORDED YESTERDAY.
  NO SIGNIFICANT WEATHER WAS OBSERVED.


..........................................................


THE VALPARAISO CLIMATE NORMALS FOR TODAY
                         NORMAL    RECORD    YEAR
 MAXIMUM TEMPERATURE (F)   66        86      2012
                                             2001
 MINIMUM TEMPERATURE (F)   44        31      2004


SUNRISE AND SUNSET
MAY  3 2015...........SUNRISE   543 AM CDT   SUNSET   748 PM CDT
MAY  4 2015...........SUNRISE   542 AM CDT   SUNSET   749 PM CDT


-  INDICATES NEGATIVE NUMBERS.
R  INDICATES RECORD WAS SET OR TIED.
MM INDICATES DATA IS MISSING.
T  INDICATES TRACE AMOUNT.




$$
