000
CDUS42 KMLB 052035
CLIVRB


CLIMATE REPORT
NATIONAL WEATHER SERVICE MELBOURNE FL
434 PM EDT TUE MAY 5 2015


...................................

...THE VERO BEACH CLIMATE SUMMARY FOR MAY 5 2015...
VALID TODAY AS OF 400 PM LOCAL TIME.

CLIMATE NORMAL PERIOD 1981 TO 2010
CLIMATE RECORD PERIOD 1942 TO 2015


WEATHER ITEM   OBSERVED TIME   RECORD YEAR NORMAL DEPARTURE LAST
                VALUE   (LST)  VALUE       VALUE  FROM      YEAR
                                                  NORMAL
..................................................................
TEMPERATURE (F)
 TODAY
  MAXIMUM         80   1220 PM  92    1947  83     -3       85
  MINIMUM         73   1206 AM  46    1971  65      8       57
  AVERAGE         77                        74      3       71

PRECIPITATION (IN)
  TODAY            T             2.11 2010   0.08  -0.08     0.00
  MONTH TO DATE    0.01                      0.39  -0.38     1.63
  SINCE MAR 1      7.11                      7.23  -0.12     5.60
  SINCE JAN 1     10.74                     12.40  -1.66    12.15

SNOWFALL (IN)
  TODAY            0.0
  MONTH TO DATE    0.0
  SINCE JUL 1      0.0

DEGREE DAYS
 HEATING
  TODAY            0                         0      0        0
  MONTH TO DATE    0                         0      0        0
  SINCE MAR 1     12                        70    -58       33
  SINCE JUL 1    384                       455    -71      268

 COOLING
  TODAY           12                         9      3        6
  MONTH TO DATE   43                        44     -1       52
  SINCE MAR 1    651                       363    288      402
  SINCE JAN 1    776                       502    274      610
..................................................................


WIND (MPH)
  HIGHEST WIND SPEED    20   HIGHEST WIND DIRECTION    NE (40)
  HIGHEST GUST SPEED    26   HIGHEST GUST DIRECTION    NE (40)
  AVERAGE WIND SPEED    12.7


SKY COVER
  AVERAGE SKY COVER 0.7


WEATHER CONDITIONS
 THE FOLLOWING WEATHER WAS RECORDED TODAY.
  THUNDERSTORM
  LIGHT RAIN


RELATIVE HUMIDITY (PERCENT)
 HIGHEST    79           200 PM
 LOWEST     56           900 AM
 AVERAGE    68

..........................................................


THE VERO BEACH CLIMATE NORMALS FOR TOMORROW
                         NORMAL    RECORD    YEAR
 MAXIMUM TEMPERATURE (F)   83        94      1947
 MINIMUM TEMPERATURE (F)   65        52      1973
                                             1945


SUNRISE AND SUNSET
MAY  5 2015...........SUNRISE   639 AM EDT   SUNSET   758 PM EDT
MAY  6 2015...........SUNRISE   639 AM EDT   SUNSET   758 PM EDT


-  INDICATES NEGATIVE NUMBERS.
R  INDICATES RECORD WAS SET OR TIED.
MM INDICATES DATA IS MISSING.
T  INDICATES TRACE AMOUNT.




$$
