000
CDUS46 KLOX 260112
CLIWJF


CLIMATE REPORT
NATIONAL WEATHER SERVICE LOS ANGELES/OXNARD CA
611 PM PDT SAT APR 25 2015


...................................

...THE LANCASTER CLIMATE SUMMARY FOR APRIL 25 2015...
VALID TODAY AS OF 0600 PM LOCAL TIME.

CLIMATE NORMAL PERIOD 1981 TO 2010
CLIMATE RECORD PERIOD 1948 TO 2015


WEATHER ITEM   OBSERVED TIME   RECORD YEAR NORMAL DEPARTURE LAST
                VALUE   (LST)  VALUE       VALUE  FROM      YEAR
                                                  NORMAL
..................................................................
TEMPERATURE (F)
 TODAY
  MAXIMUM         64    452 PM  91    1987  76    -12       68
  MINIMUM         50    629 AM  34    1960  48      2       41
  AVERAGE         57                        62     -5       55

PRECIPITATION (IN)
  TODAY            T             0.32 1994   0.01  -0.01     0.14
  MONTH TO DATE    0.01                      0.31  -0.30     0.23
  SINCE OCT 1      4.33                      6.86  -2.53     3.91
  SINCE JAN 1      1.41                      4.73  -3.32     2.32

SNOWFALL (IN)
  TODAY            0.0           0.0    MM   0.0            MM
  MONTH TO DATE    0.0                       0.0             0.0
  SINCE MAR 1      0.0                       0.0             0.0
  SINCE JUL 1      0.0                       2.3             0.0
  SNOW DEPTH       0

DEGREE DAYS
 HEATING
  TODAY            8                         5      3       10
  MONTH TO DATE  171                       186    -15      124
  SINCE MAR 1    389                       554   -165      411
  SINCE JUL 1   2258                      2847   -589     2648

 COOLING
  TODAY            0                         2     -2        0
  MONTH TO DATE    8                        17     -9       22
  SINCE MAR 1     14                        19     -5       22
  SINCE JAN 1     14                        19     -5       28
..................................................................


WIND (MPH)
  HIGHEST WIND SPEED    32   HIGHEST WIND DIRECTION    SW (240)
  HIGHEST GUST SPEED    40   HIGHEST GUST DIRECTION    SW (220)
  AVERAGE WIND SPEED    20.3


SKY COVER
  POSSIBLE SUNSHINE  MM
  AVERAGE SKY COVER 0.4


WEATHER CONDITIONS
 THE FOLLOWING WEATHER WAS RECORDED TODAY.
  LIGHT RAIN
  FOG


RELATIVE HUMIDITY (PERCENT)
 HIGHEST    72           200 PM
 LOWEST     44           400 AM
 AVERAGE    58

..........................................................


THE LANCASTER CLIMATE NORMALS FOR TOMORROW
                         NORMAL    RECORD    YEAR
 MAXIMUM TEMPERATURE (F)   76        94      1996
 MINIMUM TEMPERATURE (F)   48        33      1952


SUNRISE AND SUNSET
APRIL 25 2015.........SUNRISE   609 AM PDT   SUNSET   733 PM PDT
APRIL 26 2015.........SUNRISE   608 AM PDT   SUNSET   734 PM PDT


-  INDICATES NEGATIVE NUMBERS.
R  INDICATES RECORD WAS SET OR TIED.
MM INDICATES DATA IS MISSING.
T  INDICATES TRACE AMOUNT.




$$
