000
CDUS46 KPDT 060833 RRA
CLIYKM

CLIMATE REPORT
NATIONAL WEATHER SERVICE PENDLETON OR
133 AM PDT WED MAY 6 2015


...................................

...THE YAKIMA WA CLIMATE SUMMARY FOR MAY 5 2015...

CLIMATE NORMAL PERIOD 1981 TO 2010
CLIMATE RECORD PERIOD 1946 TO 2015


WEATHER ITEM   OBSERVED TIME   RECORD YEAR NORMAL DEPARTURE LAST
                VALUE   (LST)  VALUE       VALUE  FROM      YEAR
                                                  NORMAL
..................................................................
TEMPERATURE (F)
 YESTERDAY
  MAXIMUM         68    234 PM  94    1966  69     -1       69
  MINIMUM         36    516 AM  27    1965  39     -3       37
                                      1959
  AVERAGE         52                        54     -2       53

PRECIPITATION (IN)
  YESTERDAY        0.00          0.30 1948   0.02  -0.02     0.00
  MONTH TO DATE    0.00                      0.09  -0.09      T
  SINCE OCT 1      4.52                      6.30  -1.78     3.62
  SINCE JAN 1      2.42                      3.18  -0.76     2.79

SNOWFALL (IN)
  YESTERDAY        0.0           0.0  2002   0.0    0.0      0.0
                                      2001
                                      2000
  MONTH TO DATE    0.0                       0.0    0.0      0.0
  SINCE JAN 1      1.6                       8.6   -7.0     19.9
  SINCE JUL 1      1.6                      21.6  -20.0     19.9
  SNOW DEPTH       0

DEGREE DAYS
 HEATING
  YESTERDAY       13                        11      2       12
  MONTH TO DATE   26                        59    -33       25
  SINCE MAR 1    865                      1214   -349     1040
  SINCE JUL 1   4447                      5741  -1294     5442

 COOLING
  YESTERDAY        0                         0      0        0
  MONTH TO DATE    2                         0      2        0
  SINCE MAR 1      2                         1      1        0
  SINCE JAN 1      2                         1      1        0
..................................................................


WIND (MPH)
  HIGHEST WIND SPEED    28   HIGHEST WIND DIRECTION    NW (310)
  HIGHEST GUST SPEED    39   HIGHEST GUST DIRECTION    NW (310)
  AVERAGE WIND SPEED     8.7


SKY COVER
  POSSIBLE SUNSHINE  MM
  AVERAGE SKY COVER 0.2


WEATHER CONDITIONS
 THE FOLLOWING WEATHER WAS RECORDED YESTERDAY.
  NO SIGNIFICANT WEATHER WAS OBSERVED.


RELATIVE HUMIDITY (PERCENT)
 HIGHEST    70           400 AM
 LOWEST     20          1200 PM
 AVERAGE    45

..........................................................


THE YAKIMA WA CLIMATE NORMALS FOR TODAY
                         NORMAL    RECORD    YEAR
 MAXIMUM TEMPERATURE (F)   70        93      1992
 MINIMUM TEMPERATURE (F)   39        27      2000


SUNRISE AND SUNSET
MAY  6 2015...........SUNRISE   540 AM PDT   SUNSET   818 PM PDT
MAY  7 2015...........SUNRISE   539 AM PDT   SUNSET   819 PM PDT


-  INDICATES NEGATIVE NUMBERS.
R  INDICATES RECORD WAS SET OR TIED.
MM INDICATES DATA IS MISSING.
T  INDICATES TRACE AMOUNT.




$$
