000
CXUS53 KLBF 011000
CLMBBW


CLIMATE REPORT
NATIONAL WEATHER SERVICE NORTH PLATTE
457 AM CDT FRI MAY 1 2015

...................................

...THE BROKEN BOW NE CLIMATE SUMMARY FOR THE MONTH OF APRIL 2015...

CLIMATE NORMAL PERIOD 1981 TO 2010
CLIMATE RECORD PERIOD 1894 TO 2015

WEATHER         OBSERVED          NORMAL  DEPART  LAST YEAR`S
                 VALUE   DATE(S)  VALUE   FROM    VALUE  DATE(S)
                                          NORMAL
................................................................
TEMPERATURE (F)
RECORD
 HIGH              99   04/28/1910
 LOW               -5   04/03/1936
HIGHEST            83   04/01        84      -1       81  04/09
LOWEST             24   04/22        16       8       16  04/15
AVG. MAXIMUM     65.0              61.4     3.6     61.3
AVG. MINIMUM     38.3              34.2     4.1     33.8
MEAN             51.7              47.8     3.9     47.5
DAYS MAX >= 90      0               0.0     0.0        0
DAYS MAX <= 32      0               0.4    -0.4        0
DAYS MIN <= 32      6              11.5    -5.5       12
DAYS MIN <= 0       0               0.0     0.0        0

PRECIPITATION (INCHES)
RECORD
 MAXIMUM         9.35   1906
 MINIMUM         0.00   1895
TOTALS           1.67              2.59   -0.92     1.35
DAILY AVG.       0.06              0.09   -0.03     0.05
DAYS >= .01         8                MM      MM        9
DAYS >= .10         4                MM      MM        3
DAYS >= .50         0                MM      MM        1
DAYS >= 1.00        0                MM      MM        0
GREATEST
 24 HR. TOTAL    0.72   04/17 TO 04/18           04/06 TO 04/07
                                                          04/07 TO 04/07
                                                          04/07 TO 04/07

SNOWFALL (INCHES)
TOTALS             MM
SINCE 7/1          MM
SNOWDEPTH AVG.     MM
DAYS >= TRACE       0
DAYS >= 1.0         0
GREATEST
 SNOW DEPTH        MM

DEGREE_DAYS
HEATING TOTAL     396               517    -121      514
 SINCE 7/1       5836              6380    -544     6732
COOLING TOTAL       4                 1       3        0
 SINCE 1/1          5                 1       4        0
........................................................

WIND (MPH)
AVERAGE WIND SPEED              11.9
HIGHEST WIND SPEED/DIRECTION    40/340    DATE  04/19
HIGHEST GUST SPEED/DIRECTION    48/330    DATE  04/21

AVERAGE RH (PERCENT)     61

WEATHER CONDITIONS. NUMBER OF DAYS WITH
THUNDERSTORM              0     MIXED PRECIP               0
HEAVY RAIN                2     RAIN                       6
LIGHT RAIN               11     FREEZING RAIN              0
LT FREEZING RAIN          0     HAIL                       0
HEAVY SNOW                1     SNOW                       1
LIGHT SNOW                1     SLEET                      0
FOG                      12     FOG W/VIS <= 1/4 MILE      0
HAZE                      9

-  INDICATES NEGATIVE NUMBERS.
R  INDICATES RECORD WAS SET OR TIED.
MM INDICATES DATA IS MISSING.
T  INDICATES TRACE AMOUNT.

$$
