000
CXUS53 KLBF 011320
CLMBBW


CLIMATE REPORT
NATIONAL WEATHER SERVICE NORTH PLATTE
817 AM CDT WED APR 1 2015

...................................

...THE BROKEN BOW NE CLIMATE SUMMARY FOR THE MONTH OF MARCH 2015...

CLIMATE NORMAL PERIOD 1981 TO 2010
CLIMATE RECORD PERIOD 1894 TO 2015

WEATHER         OBSERVED          NORMAL  DEPART  LAST YEAR`S
                 VALUE   DATE(S)  VALUE   FROM    VALUE  DATE(S)
                                          NORMAL
................................................................
TEMPERATURE (F)
RECORD
 HIGH              92   03/30/1943
 LOW              -31   03/03/1960
HIGHEST            91   03/16        76      15       72  03/26
                                                          03/17
                                                          03/10
LOWEST             -5   03/05         3      -8       -7  03/02
AVG. MAXIMUM     62.5              51.0    11.5     50.2
AVG. MINIMUM     24.2              24.3    -0.1     19.4
MEAN             43.3              37.7     5.6     34.8
DAYS MAX >= 90      1               0.0     1.0        0
DAYS MAX <= 32      2               2.3    -0.3        4
DAYS MIN <= 32     25              24.8     0.2       30
DAYS MIN <= 0       2               0.4     1.6        3

PRECIPITATION (INCHES)
RECORD
 MAXIMUM         5.82   1987
 MINIMUM         0.00   1898
                        1895
TOTALS              T              1.40   -1.40     0.29
DAILY AVG.          T              0.05   -0.05     0.01
DAYS >= .01         0                MM      MM        3
DAYS >= .10         0                MM      MM        2
DAYS >= .50         0                MM      MM        0
DAYS >= 1.00        0                MM      MM        0
GREATEST
 24 HR. TOTAL       T   03/28 TO 03/28
                        03/27 TO 03/27
                        03/26 TO 03/26

SNOWFALL (INCHES)
TOTALS             MM
SINCE 7/1          MM
SNOWDEPTH AVG.     MM
DAYS >= TRACE      MM
DAYS >= 1.0        MM
GREATEST
 SNOW DEPTH        MM

DEGREE_DAYS
HEATING TOTAL     666               848    -182      929
 SINCE 7/1       5440              5863    -423     6218
COOLING TOTAL       1                 0       1        0
 SINCE 1/1          1                 0       1        0
........................................................

WIND (MPH)
AVERAGE WIND SPEED              10.1
HIGHEST WIND SPEED/DIRECTION    45/340    DATE  03/29
HIGHEST GUST SPEED/DIRECTION    54/330    DATE  03/29

AVERAGE RH (PERCENT)     49

WEATHER CONDITIONS. NUMBER OF DAYS WITH
THUNDERSTORM              0     MIXED PRECIP               0
HEAVY RAIN                0     RAIN                       0
LIGHT RAIN                2     FREEZING RAIN              0
LT FREEZING RAIN          0     HAIL                       0
HEAVY SNOW                0     SNOW                       0
LIGHT SNOW                1     SLEET                      0
FOG                       1     FOG W/VIS <= 1/4 MILE      0
HAZE                      3

-  INDICATES NEGATIVE NUMBERS.
R  INDICATES RECORD WAS SET OR TIED.
MM INDICATES DATA IS MISSING.
T  INDICATES TRACE AMOUNT.

$$
