000
CXUS53 KGRR 011206
CLMBIV


CLIMATE REPORT
NATIONAL WEATHER SERVICE GRAND RAPIDS, MI
758 AM EDT WED APR 1 2015

...................................

...THE HOLLAND/TULIP CITY MI CLIMATE SUMMARY FOR THE MONTH OF MARCH 2015...

CLIMATE NORMAL PERIOD 1981 TO 2010
CLIMATE RECORD PERIOD 1996 TO 2015

WEATHER         OBSERVED          NORMAL  DEPART  LAST YEAR`S
                 VALUE   DATE(S)  VALUE   FROM    VALUE  DATE(S)
                                          NORMAL
................................................................
TEMPERATURE (F)
HIGHEST            64   03/16        MM      MM       68  03/31
LOWEST             -2   03/05        MM      MM       -8  03/03
AVG. MAXIMUM     42.1              44.9    -2.8     36.9
AVG. MINIMUM     24.2              28.7    -4.5     17.8
MEAN             33.1              36.8    -3.7     27.2
DAYS MAX >= 90      0               0.0     0.0        0
DAYS MAX <= 32      6               3.2     2.8       11
DAYS MIN <= 32     26              20.7     5.3       26
DAYS MIN <= 0       2               0.0     2.0        2

PRECIPITATION (INCHES)
TOTALS           0.62              2.27   -1.65     1.14
DAILY AVG.       0.02              0.07   -0.05     0.04
DAYS >= .01         5                MM      MM        9
DAYS >= .10         2                MM      MM        6
DAYS >= .50         0                MM      MM        0
DAYS >= 1.00        0                MM      MM        0
GREATEST
 24 HR. TOTAL    0.27   03/25 TO 03/25           03/28 TO 03/28
                                                          03/28 TO 03/28
                                                          03/28 TO 03/28

DEGREE_DAYS
HEATING TOTAL     977               874     103     1126
 SINCE 7/1       5944              5374     570     6284
COOLING TOTAL       0                 0       0        0
 SINCE 1/1          0                 0       0        0
.........................................................

WIND (MPH)
AVERAGE WIND SPEED              9.2
RESULTANT WIND SPEED/DIRECTION   3/242
HIGHEST WIND SPEED/DIRECTION    33/210    DATE  03/29
HIGHEST GUST SPEED/DIRECTION    46/210    DATE  03/29

SKY COVER
POSSIBLE SUNSHINE (PERCENT)   MM
AVERAGE SKY COVER           0.40
NUMBER OF DAYS FAIR           13
NUMBER OF DAYS PC             13
NUMBER OF DAYS CLOUDY          5

AVERAGE RH (PERCENT)     63

WEATHER CONDITIONS. NUMBER OF DAYS WITH
THUNDERSTORM              0     MIXED PRECIP               0
HEAVY RAIN                0     RAIN                       1
LIGHT RAIN                4     FREEZING RAIN              0
LT FREEZING RAIN          1     HAIL                       0
HEAVY SNOW                1     SNOW                       1
LIGHT SNOW                7     SLEET                      0
FOG                      10     FOG W/VIS <= 1/4 MILE      3
HAZE                      9

-  INDICATES NEGATIVE NUMBERS.
R  INDICATES RECORD WAS SET OR TIED.
MM INDICATES DATA IS MISSING.
T  INDICATES TRACE AMOUNT.

$$

JAM
