000
CXUS53 KGID 011731
CLMEAR

CLIMATE REPORT
NATIONAL WEATHER SERVICE HASTINGS NE
1218 PM CDT WED APR 1 2015

...................................

...THE KEARNEY CLIMATE SUMMARY FOR THE MONTH OF MARCH 2015...

CLIMATE NORMAL PERIOD 1981 TO 2010
CLIMATE RECORD PERIOD 1894 TO 2015

WEATHER         OBSERVED          NORMAL  DEPART  LAST YEAR`S
                 VALUE   DATE(S)  VALUE   FROM    VALUE  DATE(S)
                                          NORMAL
................................................................
TEMPERATURE (F)
HIGHEST            90   03/16        77      13       73  03/30
                                                          03/10
                                                          03/09
LOWEST              1   03/05         6      -5       -6  03/02
AVG. MAXIMUM     61.7              50.3    11.4     51.1
AVG. MINIMUM     27.3              25.1     2.2     22.3
MEAN             44.5              37.7     6.8     36.7
DAYS MAX >= 90      1               0.0     1.0        0
DAYS MAX <= 32      1               3.5    -2.5        4
DAYS MIN <= 32     22              23.7    -1.7       28
DAYS MIN <= 0       0               0.7    -0.7        3

PRECIPITATION (INCHES)
TOTALS             MM              1.79      MM     0.17
DAILY AVG.         MM              0.06      MM
DAYS >= .01        MM               6.4      MM
DAYS >= .10        MM               3.8      MM
DAYS >= .50        MM               1.0      MM
DAYS >= 1.00       MM               0.3      MM
GREATEST
 24 HR. TOTAL      MM

DEGREE_DAYS
HEATING TOTAL     629               846    -217      872
COOLING TOTAL       0                 0       0        0
.................................................................

WIND (MPH)
AVERAGE WIND SPEED              11.0
HIGHEST WIND SPEED/DIRECTION    35/010
HIGHEST GUST SPEED/DIRECTION    45/MM

AVERAGE RH (PERCENT)     48


-  INDICATES NEGATIVE NUMBERS.
R  INDICATES RECORD WAS SET OR TIED.
MM INDICATES DATA IS MISSING.
T  INDICATES TRACE AMOUNT.

&&

THE PRECIPITATION DATA SHOWN ABOVE IS RECORDED BY THE AUTOMATED
WEATHER OBSERVING SYSTEM AT THE KEARNEY AIRPORT. THE PRECIPITATION
IS DEPICTED FOR A CALENDAR DAY FROM MIDNIGHT TO MIDNIGHT. SNOWFALL
IS NOT RECORDED BY THAT SYSTEM.

THE OFFICIAL PRECIPITATION...SNOWFALL...AND SNOW DEPTH OBSERVATION
FOR KEARNEY IS RECORDED DAILY BY THE COOPERATIVE OBSERVER AT 7 AM.
THAT INFORMATION FOLLOWS...

...KEARNEY 4NE COOPERATIVE OBSERVER REPORT FOR MARCH 2015...

PRECIPITATION (IN)
MONTH TO DATE..................   0.07
YEAR TO DATE...................   0.61

SNOWFALL (IN)
MONTH TO DATE..................   0.5
SEASONAL TOTAL (SINCE JULY 1ST)  12.6

$$

GUERRERO
