000
CXUS53 KGLD 011735
CLMHLC

CLIMATE REPORT
NATIONAL WEATHER SERVICE GOODLAND
1135 AM MDT WED APR 1 2015

...................................

...THE HILL CITY CLIMATE SUMMARY FOR THE MONTH OF MARCH 2015...

CLIMATE NORMAL PERIOD 1981 TO 2010
CLIMATE RECORD PERIOD 1896 TO 2015

WEATHER         OBSERVED          NORMAL  DEPART  LAST YEAR`S
                 VALUE   DATE(S)  VALUE   FROM    VALUE  DATE(S)
                                          NORMAL
................................................................
TEMPERATURE (F)
RECORD
 HIGH              94   03/16/2015
                        03/10/1989
                        05/31/2002
 LOW              -17   03/03/1960
HIGHEST            94R  03/16        81      13       79  03/10
LOWEST              3   03/05        10      -7        0  03/03
AVG. MAXIMUM     65.7              55.8     9.9     56.1
AVG. MINIMUM     28.4              27.8     0.6     25.1
MEAN             47.0              41.8     5.2     40.6
DAYS MAX >= 90      1               0.0     1.0        0
DAYS MAX <= 32      0               1.1    -1.1        3
DAYS MIN <= 32     20              20.8    -0.8       25
DAYS MIN <= 0       0               0.2    -0.2        1

PRECIPITATION (INCHES)
RECORD
 MAXIMUM         7.98   1987
 MINIMUM         0.00   1997
TOTALS           0.06              1.63   -1.57     0.19
DAILY AVG.       0.00              0.05   -0.05     0.01
DAYS >= .01         1                MM      MM        5
DAYS >= .10         0                MM      MM        0
DAYS >= .50         0                MM      MM        0
DAYS >= 1.00        0                MM      MM        0
GREATEST
 24 HR. TOTAL    0.06   03/25 TO 03/25              0.07
 STORM TOTAL       MM
 (MM/DD(HH))            MM

.................................................................

-  INDICATES NEGATIVE NUMBERS.
R  INDICATES RECORD WAS SET OR TIED.
MM INDICATES DATA IS MISSING.
T  INDICATES TRACE AMOUNT.

$$
