000
CXUS52 KMHX 041953
CLMHSE


CLIMATE REPORT
NATIONAL WEATHER SERVICE NEWPORT/MOREHEAD CITY NC
252 PM EST WED MAR 4 2015

...................................

...THE CAPE HATTERAS NC CLIMATE SUMMARY FOR THE MONTH OF FEBRUARY 2015...

CLIMATE NORMAL PERIOD 1981 TO 2010
CLIMATE RECORD PERIOD 1874 TO 2015

WEATHER         OBSERVED          NORMAL  DEPART  LAST YEAR`S
                 VALUE   DATE(S)  VALUE   FROM    VALUE  DATE(S)
                                          NORMAL
................................................................
TEMPERATURE (F)
RECORD
 HIGH              76   02/22/1971
 LOW               11   02/08/1895
HIGHEST            64   02/09                         71
LOWEST             12   02/21                         30
                        02/20
AVG. MAXIMUM     47.8              53.5    -5.7     55.2
AVG. MINIMUM     29.1              40.0   -10.9     39.4
MEAN             38.4              46.8    -8.4     47.3
DAYS MAX >= 90      0               0.0     0.0        0
DAYS MAX <= 32      1               0.1     0.9        0
DAYS MIN <= 32     19               4.5    14.5        2
DAYS MIN <= 0       0               0.0     0.0        0

PRECIPITATION (INCHES)
RECORD
 MAXIMUM         8.45   1983
 MINIMUM           MM   MM
TOTALS           7.34              4.02    3.32     4.75
DAYS >= .01        13              10.5     2.5       12
DAYS >= .10        10               6.6     3.4        9
DAYS >= .50         8               2.8     5.2        5
DAYS >= 1.00        1               1.2    -0.2        0

SNOWFALL (INCHES)
RECORDS
 TOTAL             MM   5
 SNOW DEPTH        MM   MM
TOTALS            2.0               0.1     1.9      5.5
 LIQUID EQUIV    0.20              0.00    0.20     0.55
SINCE 7/1         2.0               1.7     0.3      5.7
 LIQUID 7/1      0.20              0.20    0.00     0.57
SNOWDEPTH AVG.      0                MM      MM        0
DAYS >= TRACE       2               0.3     1.7        4
DAYS >= 1.0         1               0.0     1.0        1
GREATEST
 SNOW DEPTH         0   MM                             5  02/11
 STORM TOTAL       MM
 (MM/DD(HH))            MM

DEGREE_DAYS
HEATING TOTAL     736               511     225      488
 SINCE 7/1       2173              1924     249     1833
.................................................................

WIND (MPH)
AVERAGE WIND SPEED              10.5
HIGHEST WIND SPEED/DIRECTION    32/240    DATE  02/14
HIGHEST GUST SPEED/DIRECTION    50/240    DATE  02/14

SKY COVER
POSSIBLE SUNSHINE (PERCENT)   MM
AVERAGE SKY COVER           0.40
NUMBER OF DAYS FAIR           13
NUMBER OF DAYS PC              8
NUMBER OF DAYS CLOUDY          7

AVERAGE RH (PERCENT)     72

WEATHER CONDITIONS. NUMBER OF DAYS WITH
THUNDERSTORM              0     MIXED PRECIP               0
HEAVY RAIN                6     RAIN                       9
LIGHT RAIN               13     FREEZING RAIN              1
LT FREEZING RAIN          1     HAIL                       0
HEAVY SNOW                0     SNOW                       0
LIGHT SNOW                3     SLEET                      0
FOG                      15     FOG W/VIS <= 1/4 MILE      0
HAZE                      4

-  INDICATES NEGATIVE NUMBERS.
R  INDICATES RECORD WAS SET OR TIED.
MM INDICATES DATA IS MISSING.
T  INDICATES TRACE AMOUNT.

$$
