000
CXUS54 KHUN 011611
CLMHSV


CLIMATE REPORT
NATIONAL WEATHER SERVICE HUNTSVILLE AL
1110 AM CDT WED APR 1 2015

...................................

...THE HUNTSVILLE CLIMATE SUMMARY FOR THE MONTH OF MARCH 2015...

CLIMATE NORMAL PERIOD 1981 TO 2010
CLIMATE RECORD PERIOD 1894 TO 2015

WEATHER         OBSERVED          NORMAL  DEPART  LAST YEAR`S
                 VALUE   DATE(S)  VALUE   FROM    VALUE
                                          NORMAL
.............................................................
TEMPERATURE (F)
RECORD
 HIGH              90   03/24/1929
                        03/21/1907
 LOW                6   03/03/1980
HIGHEST            81   03/17        MM      MM       77
LOWEST             16   03/06        MM      MM       24
AVG. MAXIMUM     65.6              64.9     0.7     61.8
AVG. MINIMUM       MM              42.2      MM     37.7
MEAN               MM              53.5      MM     49.8
DAYS MAX >= 90      0               0.0     0.0        0
DAYS MAX <= 32      0               0.1    -0.1        0
DAYS MIN <= 32      6               4.4     1.6        7
DAYS MIN <= 0       0               0.0     0.0        0

PRECIPITATION (INCHES)
RECORD
 MAXIMUM        17.00   1980
 MINIMUM         0.50   1910
TOTALS           5.62              5.21    0.41     2.68
DAILY AVG.       0.18              0.17    0.01     0.09
DAYS >= .01        20              10.6     9.4        7
DAYS >= .10        13               7.4     5.6        5
DAYS >= .50         4               3.6     0.4        2
DAYS >= 1.00        1               1.6    -0.6        1
GREATEST
 24 HR. TOTAL    1.03   03/05 TO 03/05              1.16

SNOWFALL (INCHES)
RECORDS
 TOTAL            7.3   1993
 24 HR TOTAL      4.9   03/13/1993 TO 03/13/1993
TOTALS            1.0               0.5     0.5        T
SINCE 7/1         9.8               2.4     7.4      5.2
DAYS >= TRACE       1               0.3     0.7        2
DAYS >= 1.0         1               0.1     0.9        0
GREATEST
 SNOW DEPTH         1R  03/06                          0
 24 HR TOTAL      1.0   03/05 TO 03/05

DEGREE_DAYS
HEATING TOTAL      MM               368      MM      462
 SINCE 7/1      12640              2820    9820     3297
COOLING TOTAL      MM                13      MM        0
 SINCE 1/1         MM                14      MM        1

FREEZE DATES
RECORD
 EARLIEST     10/09/2000
 LATEST       05/02/1909
EARLIEST                        11/05
LATEST                          03/30
..............................................................

WIND (MPH)
AVERAGE WIND SPEED              MM
HIGHEST WIND SPEED/DIRECTION    31/320    DATE  03/30
HIGHEST GUST SPEED/DIRECTION    43/320    DATE  03/30

AVERAGE RH (PERCENT)     71


-  INDICATES NEGATIVE NUMBERS.
R  INDICATES RECORD WAS SET OR TIED.
MM INDICATES DATA IS MISSING.
T  INDICATES TRACE AMOUNT.

$$
